{"id":24142,"date":"2021-09-15T12:03:28","date_gmt":"2021-09-15T12:03:28","guid":{"rendered":"https:\/\/www.mfwa.org\/?post_type=publication&#038;p=24142"},"modified":"2021-11-17T12:12:21","modified_gmt":"2021-11-17T12:12:21","slug":"les-medias-et-la-crise-politique-au-mali","status":"publish","type":"publication","link":"https:\/\/mfwa.org\/fr\/publication\/les-medias-et-la-crise-politique-au-mali\/","title":{"rendered":"Les m\u00e9dias et la crise politique au Mali"},"content":{"rendered":"<p style=\"text-align: justify;\">Au Mali, les deux coups d\u2019\u00e9tats qui se sont d\u00e9roul\u00e9s le 18 Aout 2020 et le 24 Mai 2021 ont plong\u00e9 le monde entier dans une incertitude profonde quant au retour \u00e0 un possible r\u00e9gime civil et constitutionnel dans le pays. Les m\u00e9dias, longtemps consid\u00e9r\u00e9s comme garants des droits fondamentaux, se retrouvent \u00e9galement confront\u00e9s \u00e0 cette crise s\u00e9curitaire et d\u00e9mocratique qui est fortement caract\u00e9ris\u00e9e par l\u2019augmentation des groupes terroristes, l\u2019isolation diplomatique des instances internationales, et le pouvoir d\u2019Etat sous le contr\u00f4le de l\u2019arm\u00e9e.<\/p>\n<p style=\"text-align: justify;\">Dans ce document, la Fondation des M\u00e9dias pour l\u2019Afrique de l\u2019Ouest se veut une analyse approfondie de la crise politique et de son impact sur les m\u00e9dias au Mali.<\/p>\n<p style=\"text-align: justify;\">Veuillez cliquer <a href=\"https:\/\/www.mfwa.org\/wp-content\/uploads\/2021\/11\/Clean-Les-Medias-et-la-crise-au-Mali-Rachad.pdf\">ici<\/a> pour acc\u00e9der au rapport dans son int\u00e9gralit\u00e9.<\/p>\n","protected":false},"author":6,"featured_media":24143,"template":"","publication-type":[236],"class_list":["post-24142","publication","type-publication","status-publish","has-post-thumbnail","hentry","publication-type-reports-fr"],"yoast_head":"<!-- This site is optimized with the Yoast SEO plugin v27.5 - https:\/\/yoast.com\/product\/yoast-seo-wordpress\/ -->\n<title>Les m\u00e9dias et la crise politique au Mali - Media Foundation For West Africa<\/title>\n<meta name=\"robots\" content=\"index, follow, max-snippet:-1, max-image-preview:large, max-video-preview:-1\" \/>\n<link rel=\"canonical\" href=\"https:\/\/mfwa.org\/fr\/publication\/les-medias-et-la-crise-politique-au-mali\/\" \/>\n<meta property=\"og:locale\" content=\"fr_FR\" \/>\n<meta property=\"og:type\" content=\"article\" \/>\n<meta property=\"og:title\" content=\"Les m\u00e9dias et la crise politique au Mali - Media Foundation For West Africa\" \/>\n<meta property=\"og:description\" content=\"Au Mali, les deux coups d\u2019\u00e9tats qui se sont d\u00e9roul\u00e9s le 18 Aout 2020 et le 24 Mai\" \/>\n<meta property=\"og:url\" content=\"https:\/\/mfwa.org\/fr\/publication\/les-medias-et-la-crise-politique-au-mali\/\" \/>\n<meta property=\"og:site_name\" content=\"Media Foundation For West Africa\" \/>\n<meta property=\"article:publisher\" content=\"https:\/\/www.facebook.com\/themfwa\" \/>\n<meta property=\"article:modified_time\" content=\"2021-11-17T12:12:21+00:00\" \/>\n<meta property=\"og:image\" content=\"https:\/\/mfwa.org\/wp-content\/uploads\/2021\/11\/Media-in-Mali-03.jpg\" \/>\n\t<meta property=\"og:image:width\" content=\"2480\" \/>\n\t<meta property=\"og:image:height\" content=\"1511\" \/>\n\t<meta property=\"og:image:type\" content=\"image\/jpeg\" \/>\n<meta name=\"twitter:card\" content=\"summary_large_image\" \/>\n<meta name=\"twitter:site\" content=\"@TheMFWA\" \/>\n<meta name=\"twitter:label1\" content=\"Est. reading time\" \/>\n\t<meta name=\"twitter:data1\" content=\"1 minute\" \/>\n<script type=\"application\/ld+json\" class=\"yoast-schema-graph\">{\"@context\":\"https:\\\/\\\/schema.org\",\"@graph\":[{\"@type\":\"WebPage\",\"@id\":\"https:\\\/\\\/mfwa.org\\\/fr\\\/publication\\\/les-medias-et-la-crise-politique-au-mali\\\/\",\"url\":\"https:\\\/\\\/mfwa.org\\\/fr\\\/publication\\\/les-medias-et-la-crise-politique-au-mali\\\/\",\"name\":\"Les m\u00e9dias et la crise politique au Mali - Media Foundation For West Africa\",\"isPartOf\":{\"@id\":\"https:\\\/\\\/mfwa.org\\\/#website\"},\"primaryImageOfPage\":{\"@id\":\"https:\\\/\\\/mfwa.org\\\/fr\\\/publication\\\/les-medias-et-la-crise-politique-au-mali\\\/#primaryimage\"},\"image\":{\"@id\":\"https:\\\/\\\/mfwa.org\\\/fr\\\/publication\\\/les-medias-et-la-crise-politique-au-mali\\\/#primaryimage\"},\"thumbnailUrl\":\"https:\\\/\\\/mfwa.org\\\/wp-content\\\/uploads\\\/2021\\\/11\\\/Media-in-Mali-03.jpg\",\"datePublished\":\"2021-09-15T12:03:28+00:00\",\"dateModified\":\"2021-11-17T12:12:21+00:00\",\"breadcrumb\":{\"@id\":\"https:\\\/\\\/mfwa.org\\\/fr\\\/publication\\\/les-medias-et-la-crise-politique-au-mali\\\/#breadcrumb\"},\"inLanguage\":\"fr-FR\",\"potentialAction\":[{\"@type\":\"ReadAction\",\"target\":[\"https:\\\/\\\/mfwa.org\\\/fr\\\/publication\\\/les-medias-et-la-crise-politique-au-mali\\\/\"]}]},{\"@type\":\"ImageObject\",\"inLanguage\":\"fr-FR\",\"@id\":\"https:\\\/\\\/mfwa.org\\\/fr\\\/publication\\\/les-medias-et-la-crise-politique-au-mali\\\/#primaryimage\",\"url\":\"https:\\\/\\\/mfwa.org\\\/wp-content\\\/uploads\\\/2021\\\/11\\\/Media-in-Mali-03.jpg\",\"contentUrl\":\"https:\\\/\\\/mfwa.org\\\/wp-content\\\/uploads\\\/2021\\\/11\\\/Media-in-Mali-03.jpg\",\"width\":2480,\"height\":1511},{\"@type\":\"BreadcrumbList\",\"@id\":\"https:\\\/\\\/mfwa.org\\\/fr\\\/publication\\\/les-medias-et-la-crise-politique-au-mali\\\/#breadcrumb\",\"itemListElement\":[{\"@type\":\"ListItem\",\"position\":1,\"name\":\"Home\",\"item\":\"https:\\\/\\\/mfwa.org\\\/fr\\\/\"},{\"@type\":\"ListItem\",\"position\":2,\"name\":\"Publications\",\"item\":\"https:\\\/\\\/mfwa.org\\\/publication\\\/\"},{\"@type\":\"ListItem\",\"position\":3,\"name\":\"Les m\u00e9dias et la crise politique au Mali\"}]},{\"@type\":\"WebSite\",\"@id\":\"https:\\\/\\\/mfwa.org\\\/#website\",\"url\":\"https:\\\/\\\/mfwa.org\\\/\",\"name\":\"Media Foundation For West Africa\",\"description\":\"Promoting Freedom of Expression and Democracy in West Africa\",\"publisher\":{\"@id\":\"https:\\\/\\\/mfwa.org\\\/#organization\"},\"potentialAction\":[{\"@type\":\"SearchAction\",\"target\":{\"@type\":\"EntryPoint\",\"urlTemplate\":\"https:\\\/\\\/mfwa.org\\\/?s={search_term_string}\"},\"query-input\":{\"@type\":\"PropertyValueSpecification\",\"valueRequired\":true,\"valueName\":\"search_term_string\"}}],\"inLanguage\":\"fr-FR\"},{\"@type\":\"Organization\",\"@id\":\"https:\\\/\\\/mfwa.org\\\/#organization\",\"name\":\"Media Foundation for West Africa\",\"url\":\"https:\\\/\\\/mfwa.org\\\/\",\"logo\":{\"@type\":\"ImageObject\",\"inLanguage\":\"fr-FR\",\"@id\":\"https:\\\/\\\/mfwa.org\\\/#\\\/schema\\\/logo\\\/image\\\/\",\"url\":\"https:\\\/\\\/www.mfwa.org\\\/wp-content\\\/uploads\\\/2016\\\/06\\\/MFWA-LOGO.png\",\"contentUrl\":\"https:\\\/\\\/www.mfwa.org\\\/wp-content\\\/uploads\\\/2016\\\/06\\\/MFWA-LOGO.png\",\"width\":180,\"height\":180,\"caption\":\"Media Foundation for West Africa\"},\"image\":{\"@id\":\"https:\\\/\\\/mfwa.org\\\/#\\\/schema\\\/logo\\\/image\\\/\"},\"sameAs\":[\"https:\\\/\\\/www.facebook.com\\\/themfwa\",\"https:\\\/\\\/x.com\\\/TheMFWA\",\"https:\\\/\\\/www.youtube.com\\\/channel\\\/UCF6HrPuXcV1K1Ed8AAq4Rdw\"]}]}<\/script>\n<!-- \/ Yoast SEO plugin. -->","yoast_head_json":{"title":"Les m\u00e9dias et la crise politique au Mali - Media Foundation For West Africa","robots":{"index":"index","follow":"follow","max-snippet":"max-snippet:-1","max-image-preview":"max-image-preview:large","max-video-preview":"max-video-preview:-1"},"canonical":"https:\/\/mfwa.org\/fr\/publication\/les-medias-et-la-crise-politique-au-mali\/","og_locale":"fr_FR","og_type":"article","og_title":"Les m\u00e9dias et la crise politique au Mali - Media Foundation For West Africa","og_description":"Au Mali, les deux coups d\u2019\u00e9tats qui se sont d\u00e9roul\u00e9s le 18 Aout 2020 et le 24 Mai","og_url":"https:\/\/mfwa.org\/fr\/publication\/les-medias-et-la-crise-politique-au-mali\/","og_site_name":"Media Foundation For West Africa","article_publisher":"https:\/\/www.facebook.com\/themfwa","article_modified_time":"2021-11-17T12:12:21+00:00","og_image":[{"width":2480,"height":1511,"url":"https:\/\/mfwa.org\/wp-content\/uploads\/2021\/11\/Media-in-Mali-03.jpg","type":"image\/jpeg"}],"twitter_card":"summary_large_image","twitter_site":"@TheMFWA","twitter_misc":{"Est. reading time":"1 minute"},"schema":{"@context":"https:\/\/schema.org","@graph":[{"@type":"WebPage","@id":"https:\/\/mfwa.org\/fr\/publication\/les-medias-et-la-crise-politique-au-mali\/","url":"https:\/\/mfwa.org\/fr\/publication\/les-medias-et-la-crise-politique-au-mali\/","name":"Les m\u00e9dias et la crise politique au Mali - Media Foundation For West Africa","isPartOf":{"@id":"https:\/\/mfwa.org\/#website"},"primaryImageOfPage":{"@id":"https:\/\/mfwa.org\/fr\/publication\/les-medias-et-la-crise-politique-au-mali\/#primaryimage"},"image":{"@id":"https:\/\/mfwa.org\/fr\/publication\/les-medias-et-la-crise-politique-au-mali\/#primaryimage"},"thumbnailUrl":"https:\/\/mfwa.org\/wp-content\/uploads\/2021\/11\/Media-in-Mali-03.jpg","datePublished":"2021-09-15T12:03:28+00:00","dateModified":"2021-11-17T12:12:21+00:00","breadcrumb":{"@id":"https:\/\/mfwa.org\/fr\/publication\/les-medias-et-la-crise-politique-au-mali\/#breadcrumb"},"inLanguage":"fr-FR","potentialAction":[{"@type":"ReadAction","target":["https:\/\/mfwa.org\/fr\/publication\/les-medias-et-la-crise-politique-au-mali\/"]}]},{"@type":"ImageObject","inLanguage":"fr-FR","@id":"https:\/\/mfwa.org\/fr\/publication\/les-medias-et-la-crise-politique-au-mali\/#primaryimage","url":"https:\/\/mfwa.org\/wp-content\/uploads\/2021\/11\/Media-in-Mali-03.jpg","contentUrl":"https:\/\/mfwa.org\/wp-content\/uploads\/2021\/11\/Media-in-Mali-03.jpg","width":2480,"height":1511},{"@type":"BreadcrumbList","@id":"https:\/\/mfwa.org\/fr\/publication\/les-medias-et-la-crise-politique-au-mali\/#breadcrumb","itemListElement":[{"@type":"ListItem","position":1,"name":"Home","item":"https:\/\/mfwa.org\/fr\/"},{"@type":"ListItem","position":2,"name":"Publications","item":"https:\/\/mfwa.org\/publication\/"},{"@type":"ListItem","position":3,"name":"Les m\u00e9dias et la crise politique au Mali"}]},{"@type":"WebSite","@id":"https:\/\/mfwa.org\/#website","url":"https:\/\/mfwa.org\/","name":"Media Foundation For West Africa","description":"Promoting Freedom of Expression and Democracy in West Africa","publisher":{"@id":"https:\/\/mfwa.org\/#organization"},"potentialAction":[{"@type":"SearchAction","target":{"@type":"EntryPoint","urlTemplate":"https:\/\/mfwa.org\/?s={search_term_string}"},"query-input":{"@type":"PropertyValueSpecification","valueRequired":true,"valueName":"search_term_string"}}],"inLanguage":"fr-FR"},{"@type":"Organization","@id":"https:\/\/mfwa.org\/#organization","name":"Media Foundation for West Africa","url":"https:\/\/mfwa.org\/","logo":{"@type":"ImageObject","inLanguage":"fr-FR","@id":"https:\/\/mfwa.org\/#\/schema\/logo\/image\/","url":"https:\/\/www.mfwa.org\/wp-content\/uploads\/2016\/06\/MFWA-LOGO.png","contentUrl":"https:\/\/www.mfwa.org\/wp-content\/uploads\/2016\/06\/MFWA-LOGO.png","width":180,"height":180,"caption":"Media Foundation for West Africa"},"image":{"@id":"https:\/\/mfwa.org\/#\/schema\/logo\/image\/"},"sameAs":["https:\/\/www.facebook.com\/themfwa","https:\/\/x.com\/TheMFWA","https:\/\/www.youtube.com\/channel\/UCF6HrPuXcV1K1Ed8AAq4Rdw"]}]}},"_links":{"self":[{"href":"https:\/\/mfwa.org\/fr\/wp-json\/wp\/v2\/publication\/24142","targetHints":{"allow":["GET"]}}],"collection":[{"href":"https:\/\/mfwa.org\/fr\/wp-json\/wp\/v2\/publication"}],"about":[{"href":"https:\/\/mfwa.org\/fr\/wp-json\/wp\/v2\/types\/publication"}],"author":[{"embeddable":true,"href":"https:\/\/mfwa.org\/fr\/wp-json\/wp\/v2\/users\/6"}],"wp:featuredmedia":[{"embeddable":true,"href":"https:\/\/mfwa.org\/fr\/wp-json\/wp\/v2\/media\/24143"}],"wp:attachment":[{"href":"https:\/\/mfwa.org\/fr\/wp-json\/wp\/v2\/media?parent=24142"}],"wp:term":[{"taxonomy":"publication-type","embeddable":true,"href":"https:\/\/mfwa.org\/fr\/wp-json\/wp\/v2\/publication-type?post=24142"}],"curies":[{"name":"wp","href":"https:\/\/api.w.org\/{rel}","templated":true}]}}

Les médias et la crise politique au Mali

<p style="text-align: justify;">Au Mali, les deux coups d’états qui se sont déroulés le 18 Aout 2020 et le 24 Mai 2021 ont plongé le monde entier dans une incertitude profonde quant au retour à un possible régime civil et constitutionnel dans le pays. Les médias, longtemps considérés comme garants des droits fondamentaux, se retrouvent également confrontés à cette crise sécuritaire et démocratique qui est fortement caractérisée par l’augmentation des groupes terroristes, l’isolation diplomatique des instances internationales, et le pouvoir d’Etat sous le contrôle de l’armée.</p>
<p style="text-align: justify;">Dans ce document, la Fondation des Médias pour l’Afrique de l’Ouest se veut une analyse approfondie de la crise politique et de son impact sur les médias au Mali.</p>
<p style="text-align: justify;">Veuillez cliquer <a href="https://www.mfwa.org/wp-content/uploads/2021/11/Clean-Les-Medias-et-la-crise-au-Mali-Rachad.pdf">ici</a> pour accéder au rapport dans son intégralité.</p>

<!-- This site is optimized with the Yoast SEO plugin v27.5 - https://yoast.com/product/yoast-seo-wordpress/ -->
<title>Les médias et la crise politique au Mali - Media Foundation For West Africa</title>
<meta name="robots" content="index, follow, max-snippet:-1, max-image-preview:large, max-video-preview:-1" />
<link rel="canonical" href="https://mfwa.org/fr/publication/les-medias-et-la-crise-politique-au-mali/" />
<meta property="og:locale" content="fr_FR" />
<meta property="og:type" content="article" />
<meta property="og:title" content="Les médias et la crise politique au Mali - Media Foundation For West Africa" />
<meta property="og:description" content="Au Mali, les deux coups d’états qui se sont déroulés le 18 Aout 2020 et le 24 Mai" />
<meta property="og:url" content="https://mfwa.org/fr/publication/les-medias-et-la-crise-politique-au-mali/" />
<meta property="og:site_name" content="Media Foundation For West Africa" />
<meta property="article:publisher" content="https://www.facebook.com/themfwa" />
<meta property="article:modified_time" content="2021-11-17T12:12:21+00:00" />
<meta property="og:image" content="https://mfwa.org/wp-content/uploads/2021/11/Media-in-Mali-03.jpg" />
	<meta property="og:image:width" content="2480" />
	<meta property="og:image:height" content="1511" />
	<meta property="og:image:type" content="image/jpeg" />
<meta name="twitter:card" content="summary_large_image" />
<meta name="twitter:site" content="@TheMFWA" />
<meta name="twitter:label1" content="Est. reading time" />
	<meta name="twitter:data1" content="1 minute" />
<script type="application/ld+json" class="yoast-schema-graph">{"@context":"https:\/\/schema.org","@graph":[{"@type":"WebPage","@id":"https:\/\/mfwa.org\/fr\/publication\/les-medias-et-la-crise-politique-au-mali\/","url":"https:\/\/mfwa.org\/fr\/publication\/les-medias-et-la-crise-politique-au-mali\/","name":"Les médias et la crise politique au Mali - Media Foundation For West Africa","isPartOf":{"@id":"https:\/\/mfwa.org\/#website"},"primaryImageOfPage":{"@id":"https:\/\/mfwa.org\/fr\/publication\/les-medias-et-la-crise-politique-au-mali\/#primaryimage"},"image":{"@id":"https:\/\/mfwa.org\/fr\/publication\/les-medias-et-la-crise-politique-au-mali\/#primaryimage"},"thumbnailUrl":"https:\/\/mfwa.org\/wp-content\/uploads\/2021\/11\/Media-in-Mali-03.jpg","datePublished":"2021-09-15T12:03:28+00:00","dateModified":"2021-11-17T12:12:21+00:00","breadcrumb":{"@id":"https:\/\/mfwa.org\/fr\/publication\/les-medias-et-la-crise-politique-au-mali\/#breadcrumb"},"inLanguage":"fr-FR","potentialAction":[{"@type":"ReadAction","target":["https:\/\/mfwa.org\/fr\/publication\/les-medias-et-la-crise-politique-au-mali\/"]}]},{"@type":"ImageObject","inLanguage":"fr-FR","@id":"https:\/\/mfwa.org\/fr\/publication\/les-medias-et-la-crise-politique-au-mali\/#primaryimage","url":"https:\/\/mfwa.org\/wp-content\/uploads\/2021\/11\/Media-in-Mali-03.jpg","contentUrl":"https:\/\/mfwa.org\/wp-content\/uploads\/2021\/11\/Media-in-Mali-03.jpg","width":2480,"height":1511},{"@type":"BreadcrumbList","@id":"https:\/\/mfwa.org\/fr\/publication\/les-medias-et-la-crise-politique-au-mali\/#breadcrumb","itemListElement":[{"@type":"ListItem","position":1,"name":"Home","item":"https:\/\/mfwa.org\/fr\/"},{"@type":"ListItem","position":2,"name":"Publications","item":"https:\/\/mfwa.org\/publication\/"},{"@type":"ListItem","position":3,"name":"Les médias et la crise politique au Mali"}]},{"@type":"WebSite","@id":"https:\/\/mfwa.org\/#website","url":"https:\/\/mfwa.org\/","name":"Media Foundation For West Africa","description":"Promoting Freedom of Expression and Democracy in West Africa","publisher":{"@id":"https:\/\/mfwa.org\/#organization"},"potentialAction":[{"@type":"SearchAction","target":{"@type":"EntryPoint","urlTemplate":"https:\/\/mfwa.org\/?s={search_term_string}"},"query-input":{"@type":"PropertyValueSpecification","valueRequired":true,"valueName":"search_term_string"}}],"inLanguage":"fr-FR"},{"@type":"Organization","@id":"https:\/\/mfwa.org\/#organization","name":"Media Foundation for West Africa","url":"https:\/\/mfwa.org\/","logo":{"@type":"ImageObject","inLanguage":"fr-FR","@id":"https:\/\/mfwa.org\/#\/schema\/logo\/image\/","url":"https:\/\/www.mfwa.org\/wp-content\/uploads\/2016\/06\/MFWA-LOGO.png","contentUrl":"https:\/\/www.mfwa.org\/wp-content\/uploads\/2016\/06\/MFWA-LOGO.png","width":180,"height":180,"caption":"Media Foundation for West Africa"},"image":{"@id":"https:\/\/mfwa.org\/#\/schema\/logo\/image\/"},"sameAs":["https:\/\/www.facebook.com\/themfwa","https:\/\/x.com\/TheMFWA","https:\/\/www.youtube.com\/channel\/UCF6HrPuXcV1K1Ed8AAq4Rdw"]}]}</script>
<!-- / Yoast SEO plugin. -->

Les médias et la crise politique au Mali - Media Foundation For West Africa

Au Mali, les deux coups d’états qui se sont déroulés le 18 Aout 2020 et le 24 Mai
