{"id":19050,"date":"2020-07-07T16:08:58","date_gmt":"2020-07-07T16:08:58","guid":{"rendered":"https:\/\/www.mfwa.org\/?post_type=publication&#038;p=19050"},"modified":"2020-07-24T11:58:00","modified_gmt":"2020-07-24T11:58:00","slug":"les-medias-et-la-covid-19-en-afrique-de-louest-cas-du-benin","status":"publish","type":"publication","link":"https:\/\/mfwa.org\/fr\/publication\/les-medias-et-la-covid-19-en-afrique-de-louest-cas-du-benin\/","title":{"rendered":"Les M\u00e9dias et la COVID-19 en Afrique de l\u2019Ouest \u2013 Cas du Benin"},"content":{"rendered":"<p style=\"text-align: justify;\">Le monde entier est depuis d\u00e9cembre 2019 entr\u00e9 dans un combat acharn\u00e9 contre un ennemi redoutable qui d\u00e9cime en silence et progressivement l&#8217;humanit\u00e9 : la COVID-19. La vitesse de propagation de ce virus ne laisse le temps \u00e0 aucun pays de se pr\u00e9parer \u00e0 une quelconque riposte. Le B\u00e9nin qui compte parmi les pays touch\u00e9s a enregistr\u00e9 le premier cas de COVID-19 le 16 mars 2020. Tr\u00e8s t\u00f4t, le gouvernement a pris des mesures sanitaires (fermeture des \u00e9cole et lieux de culte, \u00e9tablissement d&#8217;un cordon sanitaire, etc.) pour pr\u00e9venir le mal et traiter les malades.<\/p>\n<p style=\"text-align: justify;\">La premi\u00e8re arme de combat contre la propagation de la pand\u00e9mie s&#8217;av\u00e8re l&#8217;information. Le droit du public \u00e0 l&#8217;information \u00e9tant une pr\u00e9rogative constitutionnelle, il est donc important pour le peuple b\u00e9ninois de recevoir des informations fiables et cr\u00e9dibles. L&#8217;industrie des m\u00e9dias charg\u00e9e de la diss\u00e9mination de cette information joue donc en cette p\u00e9riode de lutte contre la COVID-19 un r\u00f4le crucial. Cependant, elle fait face \u00e0 nombres de d\u00e9fis pour produire la bonne information en raison des difficult\u00e9s que lui inflige la crise sanitaire.<\/p>\n<p style=\"text-align: justify;\">C&#8217;est alors dans le but d&#8217;analyser de mani\u00e8re approfondie l&#8217;impact de la COVID-19 sur les m\u00e9dias et d&#8217;y apporter des solutions \u00e0 travers des initiatives sur le long terme que la Fondation des M\u00e9dias pour l&#8217;Afrique de l&#8217;Ouest (MFWA) en collaboration avec ses partenaires nationaux a initi\u00e9 les rapports mensuels sur les m\u00e9dias et la COVID-19.<\/p>\n<p style=\"text-align: justify;\">Le pr\u00e9sent rapport examine la situation des m\u00e9dias au Benin face \u00e0 la COVID-19 pour le compte du mois d&#8217;avril. Le pr\u00e9sent rapport prend en consid\u00e9ration les axes majeurs suivant &#8211; la disponibilit\u00e9 et l&#8217;accessibilit\u00e9 de l&#8217;information; le contexte juridique et politique; la s\u00e9curit\u00e9 des journalistes; la viabilit\u00e9 \u00e9conomique; et l&#8217;appui aux m\u00e9dias.<\/p>\n<p style=\"text-align: justify;\">Cliquez <a href=\"https:\/\/www.mfwa.org\/wp-content\/uploads\/2020\/07\/Media-and-COVID-19-in-Benin-design.pdf\">ici<\/a><strong>&nbsp;<\/strong>pour lire la version <a href=\"https:\/\/www.mfwa.org\/wp-content\/uploads\/2020\/07\/Media-and-COVID-19-in-Benin-design.pdf\">compl\u00e8te du rapport<\/a>.<\/p>\n","protected":false},"author":6,"featured_media":18934,"template":"","publication-type":[236],"class_list":["post-19050","publication","type-publication","status-publish","has-post-thumbnail","hentry","publication-type-reports-fr"],"yoast_head":"<!-- This site is optimized with the Yoast SEO plugin v27.5 - https:\/\/yoast.com\/product\/yoast-seo-wordpress\/ -->\n<title>Les M\u00e9dias et la COVID-19 en Afrique de l\u2019Ouest \u2013 Cas du Benin - Media Foundation For West Africa<\/title>\n<meta name=\"robots\" content=\"index, follow, max-snippet:-1, max-image-preview:large, max-video-preview:-1\" \/>\n<link rel=\"canonical\" href=\"https:\/\/mfwa.org\/?post_type=publication&p=19134\" \/>\n<meta property=\"og:locale\" content=\"fr_FR\" \/>\n<meta property=\"og:type\" content=\"article\" \/>\n<meta property=\"og:title\" content=\"Les M\u00e9dias et la COVID-19 en Afrique de l\u2019Ouest \u2013 Cas du Benin - Media Foundation For West Africa\" \/>\n<meta property=\"og:description\" content=\"Le monde entier est depuis d\u00e9cembre 2019 entr\u00e9 dans un combat acharn\u00e9 contre un ennemi redoutable qui d\u00e9cime\" \/>\n<meta property=\"og:url\" content=\"https:\/\/mfwa.org\/?post_type=publication&amp;p=19134\" \/>\n<meta property=\"og:site_name\" content=\"Media Foundation For West Africa\" \/>\n<meta property=\"article:publisher\" content=\"https:\/\/www.facebook.com\/themfwa\" \/>\n<meta property=\"article:modified_time\" content=\"2020-07-24T11:58:00+00:00\" \/>\n<meta property=\"og:image\" content=\"https:\/\/mfwa.org\/wp-content\/uploads\/2020\/06\/th.jpg\" \/>\n\t<meta property=\"og:image:width\" content=\"284\" \/>\n\t<meta property=\"og:image:height\" content=\"160\" \/>\n\t<meta property=\"og:image:type\" content=\"image\/jpeg\" \/>\n<meta name=\"twitter:card\" content=\"summary_large_image\" \/>\n<meta name=\"twitter:site\" content=\"@TheMFWA\" \/>\n<meta name=\"twitter:label1\" content=\"Est. reading time\" \/>\n\t<meta name=\"twitter:data1\" content=\"2 minutes\" \/>\n<script type=\"application\/ld+json\" class=\"yoast-schema-graph\">{\"@context\":\"https:\\\/\\\/schema.org\",\"@graph\":[{\"@type\":\"WebPage\",\"@id\":\"https:\\\/\\\/mfwa.org\\\/?post_type=publication&p=19134\",\"url\":\"https:\\\/\\\/mfwa.org\\\/?post_type=publication&p=19134\",\"name\":\"Les M\u00e9dias et la COVID-19 en Afrique de l\u2019Ouest \u2013 Cas du Benin - Media Foundation For West Africa\",\"isPartOf\":{\"@id\":\"https:\\\/\\\/mfwa.org\\\/#website\"},\"primaryImageOfPage\":{\"@id\":\"https:\\\/\\\/mfwa.org\\\/?post_type=publication&p=19134#primaryimage\"},\"image\":{\"@id\":\"https:\\\/\\\/mfwa.org\\\/?post_type=publication&p=19134#primaryimage\"},\"thumbnailUrl\":\"https:\\\/\\\/mfwa.org\\\/wp-content\\\/uploads\\\/2020\\\/06\\\/th.jpg\",\"datePublished\":\"2020-07-07T16:08:58+00:00\",\"dateModified\":\"2020-07-24T11:58:00+00:00\",\"breadcrumb\":{\"@id\":\"https:\\\/\\\/mfwa.org\\\/?post_type=publication&p=19134#breadcrumb\"},\"inLanguage\":\"fr-FR\",\"potentialAction\":[{\"@type\":\"ReadAction\",\"target\":[\"https:\\\/\\\/mfwa.org\\\/?post_type=publication&p=19134\"]}]},{\"@type\":\"ImageObject\",\"inLanguage\":\"fr-FR\",\"@id\":\"https:\\\/\\\/mfwa.org\\\/?post_type=publication&p=19134#primaryimage\",\"url\":\"https:\\\/\\\/mfwa.org\\\/wp-content\\\/uploads\\\/2020\\\/06\\\/th.jpg\",\"contentUrl\":\"https:\\\/\\\/mfwa.org\\\/wp-content\\\/uploads\\\/2020\\\/06\\\/th.jpg\",\"width\":284,\"height\":160},{\"@type\":\"BreadcrumbList\",\"@id\":\"https:\\\/\\\/mfwa.org\\\/?post_type=publication&p=19134#breadcrumb\",\"itemListElement\":[{\"@type\":\"ListItem\",\"position\":1,\"name\":\"Home\",\"item\":\"https:\\\/\\\/mfwa.org\\\/fr\\\/\"},{\"@type\":\"ListItem\",\"position\":2,\"name\":\"Publications\",\"item\":\"https:\\\/\\\/mfwa.org\\\/publication\\\/\"},{\"@type\":\"ListItem\",\"position\":3,\"name\":\"Les M\u00e9dias et la COVID-19 en Afrique de l\u2019Ouest \u2013 Cas du Benin\"}]},{\"@type\":\"WebSite\",\"@id\":\"https:\\\/\\\/mfwa.org\\\/#website\",\"url\":\"https:\\\/\\\/mfwa.org\\\/\",\"name\":\"Media Foundation For West Africa\",\"description\":\"Promoting Freedom of Expression and Democracy in West Africa\",\"publisher\":{\"@id\":\"https:\\\/\\\/mfwa.org\\\/#organization\"},\"potentialAction\":[{\"@type\":\"SearchAction\",\"target\":{\"@type\":\"EntryPoint\",\"urlTemplate\":\"https:\\\/\\\/mfwa.org\\\/?s={search_term_string}\"},\"query-input\":{\"@type\":\"PropertyValueSpecification\",\"valueRequired\":true,\"valueName\":\"search_term_string\"}}],\"inLanguage\":\"fr-FR\"},{\"@type\":\"Organization\",\"@id\":\"https:\\\/\\\/mfwa.org\\\/#organization\",\"name\":\"Media Foundation for West Africa\",\"url\":\"https:\\\/\\\/mfwa.org\\\/\",\"logo\":{\"@type\":\"ImageObject\",\"inLanguage\":\"fr-FR\",\"@id\":\"https:\\\/\\\/mfwa.org\\\/#\\\/schema\\\/logo\\\/image\\\/\",\"url\":\"https:\\\/\\\/www.mfwa.org\\\/wp-content\\\/uploads\\\/2016\\\/06\\\/MFWA-LOGO.png\",\"contentUrl\":\"https:\\\/\\\/www.mfwa.org\\\/wp-content\\\/uploads\\\/2016\\\/06\\\/MFWA-LOGO.png\",\"width\":180,\"height\":180,\"caption\":\"Media Foundation for West Africa\"},\"image\":{\"@id\":\"https:\\\/\\\/mfwa.org\\\/#\\\/schema\\\/logo\\\/image\\\/\"},\"sameAs\":[\"https:\\\/\\\/www.facebook.com\\\/themfwa\",\"https:\\\/\\\/x.com\\\/TheMFWA\",\"https:\\\/\\\/www.youtube.com\\\/channel\\\/UCF6HrPuXcV1K1Ed8AAq4Rdw\"]}]}<\/script>\n<!-- \/ Yoast SEO plugin. -->","yoast_head_json":{"title":"Les M\u00e9dias et la COVID-19 en Afrique de l\u2019Ouest \u2013 Cas du Benin - Media Foundation For West Africa","robots":{"index":"index","follow":"follow","max-snippet":"max-snippet:-1","max-image-preview":"max-image-preview:large","max-video-preview":"max-video-preview:-1"},"canonical":"https:\/\/mfwa.org\/?post_type=publication&p=19134","og_locale":"fr_FR","og_type":"article","og_title":"Les M\u00e9dias et la COVID-19 en Afrique de l\u2019Ouest \u2013 Cas du Benin - Media Foundation For West Africa","og_description":"Le monde entier est depuis d\u00e9cembre 2019 entr\u00e9 dans un combat acharn\u00e9 contre un ennemi redoutable qui d\u00e9cime","og_url":"https:\/\/mfwa.org\/?post_type=publication&p=19134","og_site_name":"Media Foundation For West Africa","article_publisher":"https:\/\/www.facebook.com\/themfwa","article_modified_time":"2020-07-24T11:58:00+00:00","og_image":[{"width":284,"height":160,"url":"https:\/\/mfwa.org\/wp-content\/uploads\/2020\/06\/th.jpg","type":"image\/jpeg"}],"twitter_card":"summary_large_image","twitter_site":"@TheMFWA","twitter_misc":{"Est. reading time":"2 minutes"},"schema":{"@context":"https:\/\/schema.org","@graph":[{"@type":"WebPage","@id":"https:\/\/mfwa.org\/?post_type=publication&p=19134","url":"https:\/\/mfwa.org\/?post_type=publication&p=19134","name":"Les M\u00e9dias et la COVID-19 en Afrique de l\u2019Ouest \u2013 Cas du Benin - Media Foundation For West Africa","isPartOf":{"@id":"https:\/\/mfwa.org\/#website"},"primaryImageOfPage":{"@id":"https:\/\/mfwa.org\/?post_type=publication&p=19134#primaryimage"},"image":{"@id":"https:\/\/mfwa.org\/?post_type=publication&p=19134#primaryimage"},"thumbnailUrl":"https:\/\/mfwa.org\/wp-content\/uploads\/2020\/06\/th.jpg","datePublished":"2020-07-07T16:08:58+00:00","dateModified":"2020-07-24T11:58:00+00:00","breadcrumb":{"@id":"https:\/\/mfwa.org\/?post_type=publication&p=19134#breadcrumb"},"inLanguage":"fr-FR","potentialAction":[{"@type":"ReadAction","target":["https:\/\/mfwa.org\/?post_type=publication&p=19134"]}]},{"@type":"ImageObject","inLanguage":"fr-FR","@id":"https:\/\/mfwa.org\/?post_type=publication&p=19134#primaryimage","url":"https:\/\/mfwa.org\/wp-content\/uploads\/2020\/06\/th.jpg","contentUrl":"https:\/\/mfwa.org\/wp-content\/uploads\/2020\/06\/th.jpg","width":284,"height":160},{"@type":"BreadcrumbList","@id":"https:\/\/mfwa.org\/?post_type=publication&p=19134#breadcrumb","itemListElement":[{"@type":"ListItem","position":1,"name":"Home","item":"https:\/\/mfwa.org\/fr\/"},{"@type":"ListItem","position":2,"name":"Publications","item":"https:\/\/mfwa.org\/publication\/"},{"@type":"ListItem","position":3,"name":"Les M\u00e9dias et la COVID-19 en Afrique de l\u2019Ouest \u2013 Cas du Benin"}]},{"@type":"WebSite","@id":"https:\/\/mfwa.org\/#website","url":"https:\/\/mfwa.org\/","name":"Media Foundation For West Africa","description":"Promoting Freedom of Expression and Democracy in West Africa","publisher":{"@id":"https:\/\/mfwa.org\/#organization"},"potentialAction":[{"@type":"SearchAction","target":{"@type":"EntryPoint","urlTemplate":"https:\/\/mfwa.org\/?s={search_term_string}"},"query-input":{"@type":"PropertyValueSpecification","valueRequired":true,"valueName":"search_term_string"}}],"inLanguage":"fr-FR"},{"@type":"Organization","@id":"https:\/\/mfwa.org\/#organization","name":"Media Foundation for West Africa","url":"https:\/\/mfwa.org\/","logo":{"@type":"ImageObject","inLanguage":"fr-FR","@id":"https:\/\/mfwa.org\/#\/schema\/logo\/image\/","url":"https:\/\/www.mfwa.org\/wp-content\/uploads\/2016\/06\/MFWA-LOGO.png","contentUrl":"https:\/\/www.mfwa.org\/wp-content\/uploads\/2016\/06\/MFWA-LOGO.png","width":180,"height":180,"caption":"Media Foundation for West Africa"},"image":{"@id":"https:\/\/mfwa.org\/#\/schema\/logo\/image\/"},"sameAs":["https:\/\/www.facebook.com\/themfwa","https:\/\/x.com\/TheMFWA","https:\/\/www.youtube.com\/channel\/UCF6HrPuXcV1K1Ed8AAq4Rdw"]}]}},"_links":{"self":[{"href":"https:\/\/mfwa.org\/fr\/wp-json\/wp\/v2\/publication\/19050","targetHints":{"allow":["GET"]}}],"collection":[{"href":"https:\/\/mfwa.org\/fr\/wp-json\/wp\/v2\/publication"}],"about":[{"href":"https:\/\/mfwa.org\/fr\/wp-json\/wp\/v2\/types\/publication"}],"author":[{"embeddable":true,"href":"https:\/\/mfwa.org\/fr\/wp-json\/wp\/v2\/users\/6"}],"wp:featuredmedia":[{"embeddable":true,"href":"https:\/\/mfwa.org\/fr\/wp-json\/wp\/v2\/media\/18934"}],"wp:attachment":[{"href":"https:\/\/mfwa.org\/fr\/wp-json\/wp\/v2\/media?parent=19050"}],"wp:term":[{"taxonomy":"publication-type","embeddable":true,"href":"https:\/\/mfwa.org\/fr\/wp-json\/wp\/v2\/publication-type?post=19050"}],"curies":[{"name":"wp","href":"https:\/\/api.w.org\/{rel}","templated":true}]}}

Les Médias et la COVID-19 en Afrique de l’Ouest – Cas du Benin

<p style="text-align: justify;">Le monde entier est depuis décembre 2019 entré dans un combat acharné contre un ennemi redoutable qui décime en silence et progressivement l&#8217;humanité : la COVID-19. La vitesse de propagation de ce virus ne laisse le temps à aucun pays de se préparer à une quelconque riposte. Le Bénin qui compte parmi les pays touchés a enregistré le premier cas de COVID-19 le 16 mars 2020. Très tôt, le gouvernement a pris des mesures sanitaires (fermeture des école et lieux de culte, établissement d&#8217;un cordon sanitaire, etc.) pour prévenir le mal et traiter les malades.</p>
<p style="text-align: justify;">La première arme de combat contre la propagation de la pandémie s&#8217;avère l&#8217;information. Le droit du public à l&#8217;information étant une prérogative constitutionnelle, il est donc important pour le peuple béninois de recevoir des informations fiables et crédibles. L&#8217;industrie des médias chargée de la dissémination de cette information joue donc en cette période de lutte contre la COVID-19 un rôle crucial. Cependant, elle fait face à nombres de défis pour produire la bonne information en raison des difficultés que lui inflige la crise sanitaire.</p>
<p style="text-align: justify;">C&#8217;est alors dans le but d&#8217;analyser de manière approfondie l&#8217;impact de la COVID-19 sur les médias et d&#8217;y apporter des solutions à travers des initiatives sur le long terme que la Fondation des Médias pour l&#8217;Afrique de l&#8217;Ouest (MFWA) en collaboration avec ses partenaires nationaux a initié les rapports mensuels sur les médias et la COVID-19.</p>
<p style="text-align: justify;">Le présent rapport examine la situation des médias au Benin face à la COVID-19 pour le compte du mois d&#8217;avril. Le présent rapport prend en considération les axes majeurs suivant &#8211; la disponibilité et l&#8217;accessibilité de l&#8217;information; le contexte juridique et politique; la sécurité des journalistes; la viabilité économique; et l&#8217;appui aux médias.</p>
<p style="text-align: justify;">Cliquez <a href="https://www.mfwa.org/wp-content/uploads/2020/07/Media-and-COVID-19-in-Benin-design.pdf">ici</a><strong>&nbsp;</strong>pour lire la version <a href="https://www.mfwa.org/wp-content/uploads/2020/07/Media-and-COVID-19-in-Benin-design.pdf">complète du rapport</a>.</p>

<!-- This site is optimized with the Yoast SEO plugin v27.5 - https://yoast.com/product/yoast-seo-wordpress/ -->
<title>Les Médias et la COVID-19 en Afrique de l’Ouest – Cas du Benin - Media Foundation For West Africa</title>
<meta name="robots" content="index, follow, max-snippet:-1, max-image-preview:large, max-video-preview:-1" />
<link rel="canonical" href="https://mfwa.org/?post_type=publication&p=19134" />
<meta property="og:locale" content="fr_FR" />
<meta property="og:type" content="article" />
<meta property="og:title" content="Les Médias et la COVID-19 en Afrique de l’Ouest – Cas du Benin - Media Foundation For West Africa" />
<meta property="og:description" content="Le monde entier est depuis décembre 2019 entré dans un combat acharné contre un ennemi redoutable qui décime" />
<meta property="og:url" content="https://mfwa.org/?post_type=publication&amp;p=19134" />
<meta property="og:site_name" content="Media Foundation For West Africa" />
<meta property="article:publisher" content="https://www.facebook.com/themfwa" />
<meta property="article:modified_time" content="2020-07-24T11:58:00+00:00" />
<meta property="og:image" content="https://mfwa.org/wp-content/uploads/2020/06/th.jpg" />
	<meta property="og:image:width" content="284" />
	<meta property="og:image:height" content="160" />
	<meta property="og:image:type" content="image/jpeg" />
<meta name="twitter:card" content="summary_large_image" />
<meta name="twitter:site" content="@TheMFWA" />
<meta name="twitter:label1" content="Est. reading time" />
	<meta name="twitter:data1" content="2 minutes" />
<script type="application/ld+json" class="yoast-schema-graph">{"@context":"https:\/\/schema.org","@graph":[{"@type":"WebPage","@id":"https:\/\/mfwa.org\/?post_type=publication&p=19134","url":"https:\/\/mfwa.org\/?post_type=publication&p=19134","name":"Les Médias et la COVID-19 en Afrique de l’Ouest – Cas du Benin - Media Foundation For West Africa","isPartOf":{"@id":"https:\/\/mfwa.org\/#website"},"primaryImageOfPage":{"@id":"https:\/\/mfwa.org\/?post_type=publication&p=19134#primaryimage"},"image":{"@id":"https:\/\/mfwa.org\/?post_type=publication&p=19134#primaryimage"},"thumbnailUrl":"https:\/\/mfwa.org\/wp-content\/uploads\/2020\/06\/th.jpg","datePublished":"2020-07-07T16:08:58+00:00","dateModified":"2020-07-24T11:58:00+00:00","breadcrumb":{"@id":"https:\/\/mfwa.org\/?post_type=publication&p=19134#breadcrumb"},"inLanguage":"fr-FR","potentialAction":[{"@type":"ReadAction","target":["https:\/\/mfwa.org\/?post_type=publication&p=19134"]}]},{"@type":"ImageObject","inLanguage":"fr-FR","@id":"https:\/\/mfwa.org\/?post_type=publication&p=19134#primaryimage","url":"https:\/\/mfwa.org\/wp-content\/uploads\/2020\/06\/th.jpg","contentUrl":"https:\/\/mfwa.org\/wp-content\/uploads\/2020\/06\/th.jpg","width":284,"height":160},{"@type":"BreadcrumbList","@id":"https:\/\/mfwa.org\/?post_type=publication&p=19134#breadcrumb","itemListElement":[{"@type":"ListItem","position":1,"name":"Home","item":"https:\/\/mfwa.org\/fr\/"},{"@type":"ListItem","position":2,"name":"Publications","item":"https:\/\/mfwa.org\/publication\/"},{"@type":"ListItem","position":3,"name":"Les Médias et la COVID-19 en Afrique de l’Ouest – Cas du Benin"}]},{"@type":"WebSite","@id":"https:\/\/mfwa.org\/#website","url":"https:\/\/mfwa.org\/","name":"Media Foundation For West Africa","description":"Promoting Freedom of Expression and Democracy in West Africa","publisher":{"@id":"https:\/\/mfwa.org\/#organization"},"potentialAction":[{"@type":"SearchAction","target":{"@type":"EntryPoint","urlTemplate":"https:\/\/mfwa.org\/?s={search_term_string}"},"query-input":{"@type":"PropertyValueSpecification","valueRequired":true,"valueName":"search_term_string"}}],"inLanguage":"fr-FR"},{"@type":"Organization","@id":"https:\/\/mfwa.org\/#organization","name":"Media Foundation for West Africa","url":"https:\/\/mfwa.org\/","logo":{"@type":"ImageObject","inLanguage":"fr-FR","@id":"https:\/\/mfwa.org\/#\/schema\/logo\/image\/","url":"https:\/\/www.mfwa.org\/wp-content\/uploads\/2016\/06\/MFWA-LOGO.png","contentUrl":"https:\/\/www.mfwa.org\/wp-content\/uploads\/2016\/06\/MFWA-LOGO.png","width":180,"height":180,"caption":"Media Foundation for West Africa"},"image":{"@id":"https:\/\/mfwa.org\/#\/schema\/logo\/image\/"},"sameAs":["https:\/\/www.facebook.com\/themfwa","https:\/\/x.com\/TheMFWA","https:\/\/www.youtube.com\/channel\/UCF6HrPuXcV1K1Ed8AAq4Rdw"]}]}</script>
<!-- / Yoast SEO plugin. -->

Les Médias et la COVID-19 en Afrique de l’Ouest – Cas du Benin - Media Foundation For West Africa

Le monde entier est depuis décembre 2019 entré dans un combat acharné contre un ennemi redoutable qui décime
