{"id":13226,"date":"2018-05-15T16:36:08","date_gmt":"2018-05-15T16:36:08","guid":{"rendered":"http:\/\/www.mfwa.org\/?post_type=publication&#038;p=13226"},"modified":"2018-07-19T12:36:58","modified_gmt":"2018-07-19T12:36:58","slug":"moniteur-de-la-liberte-dexpression-dafrique-de-louest-de-janvier-mars2018","status":"publish","type":"publication","link":"https:\/\/mfwa.org\/fr\/publication\/moniteur-de-la-liberte-dexpression-dafrique-de-louest-de-janvier-mars2018\/","title":{"rendered":"Moniteur de la Libert\u00e9 d\u2019Expression d\u2019Afrique de l\u2019Ouest de Janvier-Mars2018"},"content":{"rendered":"<p style=\"text-align: justify;\">Cinquante violations ont \u00e9t\u00e9 enregistr\u00e9es durant la p\u00e9riode d\u2019observation (Janvier-Mars 2018). Les forces de l\u2019ordre ont \u00e9t\u00e9 responsables de 24 violations. Les particuliers ont perp\u00e9tr\u00e9es 11 et les membres des partis politiques sont cit2s pour 10 violations. Les autres auteurs sont des fonctionnaires d\u2019Etats(4) et un organe de r\u00e9gulation des m\u00e9dias(1).<\/p>\n<p style=\"text-align: justify;\">Les violations ont \u00e9t\u00e9 enregistr\u00e9es dans 13 sur 16 pays en Afrique de l\u2019Ouest, avec l\u2019exception des pays tels que la Guin\u00e9e Bissau, le Cap Vert et le Burkina Faso. La Guin\u00e9e a enregistr\u00e9 le nombre le plus \u00e9lev\u00e9 des violations (neuf). Le Niger a enregistr\u00e9 huit violations tandis que la Cote d\u2019Ivoire en a \u00e9t\u00e9 cit\u00e9es pour sept. Le Nigeria a enregistr\u00e9 six violations, un des plus bas records en ces derniers temps. Le Liberia a enregistr\u00e9 quatre violations tandis que le Ghana, la Sierra Leone et le S\u00e9n\u00e9gal ont enregistr\u00e9 chacun trois violations.<\/p>\n<p style=\"text-align: justify;\">Veuillez <a href=\"http:\/\/www.mfwa.org\/wp-content\/uploads\/2018\/07\/Moniteur-de-la-Libert\u00e9-d\u2019Expression-d\u2019Afrique-de-l\u2019Ouest-de-Janvier-Mars-2018.pdf\">cliquer ici pour lire le rapport entier<\/a>.<\/p>\n","protected":false},"author":2,"featured_media":13237,"template":"","publication-type":[236],"class_list":["post-13226","publication","type-publication","status-publish","has-post-thumbnail","hentry","publication-type-reports-fr"],"yoast_head":"<!-- This site is optimized with the Yoast SEO plugin v27.4 - https:\/\/yoast.com\/product\/yoast-seo-wordpress\/ -->\n<title>Moniteur de la Libert\u00e9 d\u2019Expression d\u2019Afrique de l\u2019Ouest de Janvier-Mars2018 - Media Foundation For West Africa<\/title>\n<meta name=\"robots\" content=\"index, follow, max-snippet:-1, max-image-preview:large, max-video-preview:-1\" \/>\n<link rel=\"canonical\" href=\"https:\/\/mfwa.org\/publication\/west-africa-free-expression-monitor-january-march-2018\/\" \/>\n<meta property=\"og:locale\" content=\"fr_FR\" \/>\n<meta property=\"og:type\" content=\"article\" \/>\n<meta property=\"og:title\" content=\"Moniteur de la Libert\u00e9 d\u2019Expression d\u2019Afrique de l\u2019Ouest de Janvier-Mars2018 - Media Foundation For West Africa\" \/>\n<meta property=\"og:description\" content=\"Cinquante violations ont \u00e9t\u00e9 enregistr\u00e9es durant la p\u00e9riode d\u2019observation (Janvier-Mars 2018). Les forces de l\u2019ordre ont \u00e9t\u00e9 responsables\" \/>\n<meta property=\"og:url\" content=\"https:\/\/mfwa.org\/publication\/west-africa-free-expression-monitor-january-march-2018\/\" \/>\n<meta property=\"og:site_name\" content=\"Media Foundation For West Africa\" \/>\n<meta property=\"article:publisher\" content=\"https:\/\/www.facebook.com\/themfwa\" \/>\n<meta property=\"article:modified_time\" content=\"2018-07-19T12:36:58+00:00\" \/>\n<meta property=\"og:image\" content=\"https:\/\/mfwa.org\/wp-content\/uploads\/2018\/07\/Moniteur-de-la-Liberte-dExpression-dAfrique-de-lOuest-de-JanvierMars-2018-cover.jpg\" \/>\n\t<meta property=\"og:image:width\" content=\"3184\" \/>\n\t<meta property=\"og:image:height\" content=\"2532\" \/>\n\t<meta property=\"og:image:type\" content=\"image\/jpeg\" \/>\n<meta name=\"twitter:card\" content=\"summary_large_image\" \/>\n<meta name=\"twitter:site\" content=\"@TheMFWA\" \/>\n<meta name=\"twitter:label1\" content=\"Est. reading time\" \/>\n\t<meta name=\"twitter:data1\" content=\"1 minute\" \/>\n<script type=\"application\/ld+json\" class=\"yoast-schema-graph\">{\"@context\":\"https:\\\/\\\/schema.org\",\"@graph\":[{\"@type\":\"WebPage\",\"@id\":\"https:\\\/\\\/mfwa.org\\\/publication\\\/west-africa-free-expression-monitor-january-march-2018\\\/\",\"url\":\"https:\\\/\\\/mfwa.org\\\/publication\\\/west-africa-free-expression-monitor-january-march-2018\\\/\",\"name\":\"Moniteur de la Libert\u00e9 d\u2019Expression d\u2019Afrique de l\u2019Ouest de Janvier-Mars2018 - Media Foundation For West Africa\",\"isPartOf\":{\"@id\":\"https:\\\/\\\/mfwa.org\\\/#website\"},\"primaryImageOfPage\":{\"@id\":\"https:\\\/\\\/mfwa.org\\\/publication\\\/west-africa-free-expression-monitor-january-march-2018\\\/#primaryimage\"},\"image\":{\"@id\":\"https:\\\/\\\/mfwa.org\\\/publication\\\/west-africa-free-expression-monitor-january-march-2018\\\/#primaryimage\"},\"thumbnailUrl\":\"https:\\\/\\\/mfwa.org\\\/wp-content\\\/uploads\\\/2018\\\/07\\\/Moniteur-de-la-Liberte-dExpression-dAfrique-de-lOuest-de-JanvierMars-2018-cover.jpg\",\"datePublished\":\"2018-05-15T16:36:08+00:00\",\"dateModified\":\"2018-07-19T12:36:58+00:00\",\"breadcrumb\":{\"@id\":\"https:\\\/\\\/mfwa.org\\\/publication\\\/west-africa-free-expression-monitor-january-march-2018\\\/#breadcrumb\"},\"inLanguage\":\"fr-FR\",\"potentialAction\":[{\"@type\":\"ReadAction\",\"target\":[\"https:\\\/\\\/mfwa.org\\\/publication\\\/west-africa-free-expression-monitor-january-march-2018\\\/\"]}]},{\"@type\":\"ImageObject\",\"inLanguage\":\"fr-FR\",\"@id\":\"https:\\\/\\\/mfwa.org\\\/publication\\\/west-africa-free-expression-monitor-january-march-2018\\\/#primaryimage\",\"url\":\"https:\\\/\\\/mfwa.org\\\/wp-content\\\/uploads\\\/2018\\\/07\\\/Moniteur-de-la-Liberte-dExpression-dAfrique-de-lOuest-de-JanvierMars-2018-cover.jpg\",\"contentUrl\":\"https:\\\/\\\/mfwa.org\\\/wp-content\\\/uploads\\\/2018\\\/07\\\/Moniteur-de-la-Liberte-dExpression-dAfrique-de-lOuest-de-JanvierMars-2018-cover.jpg\",\"width\":3184,\"height\":2532},{\"@type\":\"BreadcrumbList\",\"@id\":\"https:\\\/\\\/mfwa.org\\\/publication\\\/west-africa-free-expression-monitor-january-march-2018\\\/#breadcrumb\",\"itemListElement\":[{\"@type\":\"ListItem\",\"position\":1,\"name\":\"Home\",\"item\":\"https:\\\/\\\/mfwa.org\\\/fr\\\/\"},{\"@type\":\"ListItem\",\"position\":2,\"name\":\"Publications\",\"item\":\"https:\\\/\\\/mfwa.org\\\/publication\\\/\"},{\"@type\":\"ListItem\",\"position\":3,\"name\":\"Moniteur de la Libert\u00e9 d\u2019Expression d\u2019Afrique de l\u2019Ouest de Janvier-Mars2018\"}]},{\"@type\":\"WebSite\",\"@id\":\"https:\\\/\\\/mfwa.org\\\/#website\",\"url\":\"https:\\\/\\\/mfwa.org\\\/\",\"name\":\"Media Foundation For West Africa\",\"description\":\"Promoting Freedom of Expression and Democracy in West Africa\",\"publisher\":{\"@id\":\"https:\\\/\\\/mfwa.org\\\/#organization\"},\"potentialAction\":[{\"@type\":\"SearchAction\",\"target\":{\"@type\":\"EntryPoint\",\"urlTemplate\":\"https:\\\/\\\/mfwa.org\\\/?s={search_term_string}\"},\"query-input\":{\"@type\":\"PropertyValueSpecification\",\"valueRequired\":true,\"valueName\":\"search_term_string\"}}],\"inLanguage\":\"fr-FR\"},{\"@type\":\"Organization\",\"@id\":\"https:\\\/\\\/mfwa.org\\\/#organization\",\"name\":\"Media Foundation for West Africa\",\"url\":\"https:\\\/\\\/mfwa.org\\\/\",\"logo\":{\"@type\":\"ImageObject\",\"inLanguage\":\"fr-FR\",\"@id\":\"https:\\\/\\\/mfwa.org\\\/#\\\/schema\\\/logo\\\/image\\\/\",\"url\":\"https:\\\/\\\/www.mfwa.org\\\/wp-content\\\/uploads\\\/2016\\\/06\\\/MFWA-LOGO.png\",\"contentUrl\":\"https:\\\/\\\/www.mfwa.org\\\/wp-content\\\/uploads\\\/2016\\\/06\\\/MFWA-LOGO.png\",\"width\":180,\"height\":180,\"caption\":\"Media Foundation for West Africa\"},\"image\":{\"@id\":\"https:\\\/\\\/mfwa.org\\\/#\\\/schema\\\/logo\\\/image\\\/\"},\"sameAs\":[\"https:\\\/\\\/www.facebook.com\\\/themfwa\",\"https:\\\/\\\/x.com\\\/TheMFWA\",\"https:\\\/\\\/www.youtube.com\\\/channel\\\/UCF6HrPuXcV1K1Ed8AAq4Rdw\"]}]}<\/script>\n<!-- \/ Yoast SEO plugin. -->","yoast_head_json":{"title":"Moniteur de la Libert\u00e9 d\u2019Expression d\u2019Afrique de l\u2019Ouest de Janvier-Mars2018 - Media Foundation For West Africa","robots":{"index":"index","follow":"follow","max-snippet":"max-snippet:-1","max-image-preview":"max-image-preview:large","max-video-preview":"max-video-preview:-1"},"canonical":"https:\/\/mfwa.org\/publication\/west-africa-free-expression-monitor-january-march-2018\/","og_locale":"fr_FR","og_type":"article","og_title":"Moniteur de la Libert\u00e9 d\u2019Expression d\u2019Afrique de l\u2019Ouest de Janvier-Mars2018 - Media Foundation For West Africa","og_description":"Cinquante violations ont \u00e9t\u00e9 enregistr\u00e9es durant la p\u00e9riode d\u2019observation (Janvier-Mars 2018). Les forces de l\u2019ordre ont \u00e9t\u00e9 responsables","og_url":"https:\/\/mfwa.org\/publication\/west-africa-free-expression-monitor-january-march-2018\/","og_site_name":"Media Foundation For West Africa","article_publisher":"https:\/\/www.facebook.com\/themfwa","article_modified_time":"2018-07-19T12:36:58+00:00","og_image":[{"width":3184,"height":2532,"url":"https:\/\/mfwa.org\/wp-content\/uploads\/2018\/07\/Moniteur-de-la-Liberte-dExpression-dAfrique-de-lOuest-de-JanvierMars-2018-cover.jpg","type":"image\/jpeg"}],"twitter_card":"summary_large_image","twitter_site":"@TheMFWA","twitter_misc":{"Est. reading time":"1 minute"},"schema":{"@context":"https:\/\/schema.org","@graph":[{"@type":"WebPage","@id":"https:\/\/mfwa.org\/publication\/west-africa-free-expression-monitor-january-march-2018\/","url":"https:\/\/mfwa.org\/publication\/west-africa-free-expression-monitor-january-march-2018\/","name":"Moniteur de la Libert\u00e9 d\u2019Expression d\u2019Afrique de l\u2019Ouest de Janvier-Mars2018 - Media Foundation For West Africa","isPartOf":{"@id":"https:\/\/mfwa.org\/#website"},"primaryImageOfPage":{"@id":"https:\/\/mfwa.org\/publication\/west-africa-free-expression-monitor-january-march-2018\/#primaryimage"},"image":{"@id":"https:\/\/mfwa.org\/publication\/west-africa-free-expression-monitor-january-march-2018\/#primaryimage"},"thumbnailUrl":"https:\/\/mfwa.org\/wp-content\/uploads\/2018\/07\/Moniteur-de-la-Liberte-dExpression-dAfrique-de-lOuest-de-JanvierMars-2018-cover.jpg","datePublished":"2018-05-15T16:36:08+00:00","dateModified":"2018-07-19T12:36:58+00:00","breadcrumb":{"@id":"https:\/\/mfwa.org\/publication\/west-africa-free-expression-monitor-january-march-2018\/#breadcrumb"},"inLanguage":"fr-FR","potentialAction":[{"@type":"ReadAction","target":["https:\/\/mfwa.org\/publication\/west-africa-free-expression-monitor-january-march-2018\/"]}]},{"@type":"ImageObject","inLanguage":"fr-FR","@id":"https:\/\/mfwa.org\/publication\/west-africa-free-expression-monitor-january-march-2018\/#primaryimage","url":"https:\/\/mfwa.org\/wp-content\/uploads\/2018\/07\/Moniteur-de-la-Liberte-dExpression-dAfrique-de-lOuest-de-JanvierMars-2018-cover.jpg","contentUrl":"https:\/\/mfwa.org\/wp-content\/uploads\/2018\/07\/Moniteur-de-la-Liberte-dExpression-dAfrique-de-lOuest-de-JanvierMars-2018-cover.jpg","width":3184,"height":2532},{"@type":"BreadcrumbList","@id":"https:\/\/mfwa.org\/publication\/west-africa-free-expression-monitor-january-march-2018\/#breadcrumb","itemListElement":[{"@type":"ListItem","position":1,"name":"Home","item":"https:\/\/mfwa.org\/fr\/"},{"@type":"ListItem","position":2,"name":"Publications","item":"https:\/\/mfwa.org\/publication\/"},{"@type":"ListItem","position":3,"name":"Moniteur de la Libert\u00e9 d\u2019Expression d\u2019Afrique de l\u2019Ouest de Janvier-Mars2018"}]},{"@type":"WebSite","@id":"https:\/\/mfwa.org\/#website","url":"https:\/\/mfwa.org\/","name":"Media Foundation For West Africa","description":"Promoting Freedom of Expression and Democracy in West Africa","publisher":{"@id":"https:\/\/mfwa.org\/#organization"},"potentialAction":[{"@type":"SearchAction","target":{"@type":"EntryPoint","urlTemplate":"https:\/\/mfwa.org\/?s={search_term_string}"},"query-input":{"@type":"PropertyValueSpecification","valueRequired":true,"valueName":"search_term_string"}}],"inLanguage":"fr-FR"},{"@type":"Organization","@id":"https:\/\/mfwa.org\/#organization","name":"Media Foundation for West Africa","url":"https:\/\/mfwa.org\/","logo":{"@type":"ImageObject","inLanguage":"fr-FR","@id":"https:\/\/mfwa.org\/#\/schema\/logo\/image\/","url":"https:\/\/www.mfwa.org\/wp-content\/uploads\/2016\/06\/MFWA-LOGO.png","contentUrl":"https:\/\/www.mfwa.org\/wp-content\/uploads\/2016\/06\/MFWA-LOGO.png","width":180,"height":180,"caption":"Media Foundation for West Africa"},"image":{"@id":"https:\/\/mfwa.org\/#\/schema\/logo\/image\/"},"sameAs":["https:\/\/www.facebook.com\/themfwa","https:\/\/x.com\/TheMFWA","https:\/\/www.youtube.com\/channel\/UCF6HrPuXcV1K1Ed8AAq4Rdw"]}]}},"_links":{"self":[{"href":"https:\/\/mfwa.org\/fr\/wp-json\/wp\/v2\/publication\/13226","targetHints":{"allow":["GET"]}}],"collection":[{"href":"https:\/\/mfwa.org\/fr\/wp-json\/wp\/v2\/publication"}],"about":[{"href":"https:\/\/mfwa.org\/fr\/wp-json\/wp\/v2\/types\/publication"}],"author":[{"embeddable":true,"href":"https:\/\/mfwa.org\/fr\/wp-json\/wp\/v2\/users\/2"}],"wp:featuredmedia":[{"embeddable":true,"href":"https:\/\/mfwa.org\/fr\/wp-json\/wp\/v2\/media\/13237"}],"wp:attachment":[{"href":"https:\/\/mfwa.org\/fr\/wp-json\/wp\/v2\/media?parent=13226"}],"wp:term":[{"taxonomy":"publication-type","embeddable":true,"href":"https:\/\/mfwa.org\/fr\/wp-json\/wp\/v2\/publication-type?post=13226"}],"curies":[{"name":"wp","href":"https:\/\/api.w.org\/{rel}","templated":true}]}}

Moniteur de la Liberté d’Expression d’Afrique de l’Ouest de Janvier-Mars2018

<p style="text-align: justify;">Cinquante violations ont été enregistrées durant la période d’observation (Janvier-Mars 2018). Les forces de l’ordre ont été responsables de 24 violations. Les particuliers ont perpétrées 11 et les membres des partis politiques sont cit2s pour 10 violations. Les autres auteurs sont des fonctionnaires d’Etats(4) et un organe de régulation des médias(1).</p>
<p style="text-align: justify;">Les violations ont été enregistrées dans 13 sur 16 pays en Afrique de l’Ouest, avec l’exception des pays tels que la Guinée Bissau, le Cap Vert et le Burkina Faso. La Guinée a enregistré le nombre le plus élevé des violations (neuf). Le Niger a enregistré huit violations tandis que la Cote d’Ivoire en a été citées pour sept. Le Nigeria a enregistré six violations, un des plus bas records en ces derniers temps. Le Liberia a enregistré quatre violations tandis que le Ghana, la Sierra Leone et le Sénégal ont enregistré chacun trois violations.</p>
<p style="text-align: justify;">Veuillez <a href="http://www.mfwa.org/wp-content/uploads/2018/07/Moniteur-de-la-Liberté-d’Expression-d’Afrique-de-l’Ouest-de-Janvier-Mars-2018.pdf">cliquer ici pour lire le rapport entier</a>.</p>

<!-- This site is optimized with the Yoast SEO plugin v27.4 - https://yoast.com/product/yoast-seo-wordpress/ -->
<title>Moniteur de la Liberté d’Expression d’Afrique de l’Ouest de Janvier-Mars2018 - Media Foundation For West Africa</title>
<meta name="robots" content="index, follow, max-snippet:-1, max-image-preview:large, max-video-preview:-1" />
<link rel="canonical" href="https://mfwa.org/publication/west-africa-free-expression-monitor-january-march-2018/" />
<meta property="og:locale" content="fr_FR" />
<meta property="og:type" content="article" />
<meta property="og:title" content="Moniteur de la Liberté d’Expression d’Afrique de l’Ouest de Janvier-Mars2018 - Media Foundation For West Africa" />
<meta property="og:description" content="Cinquante violations ont été enregistrées durant la période d’observation (Janvier-Mars 2018). Les forces de l’ordre ont été responsables" />
<meta property="og:url" content="https://mfwa.org/publication/west-africa-free-expression-monitor-january-march-2018/" />
<meta property="og:site_name" content="Media Foundation For West Africa" />
<meta property="article:publisher" content="https://www.facebook.com/themfwa" />
<meta property="article:modified_time" content="2018-07-19T12:36:58+00:00" />
<meta property="og:image" content="https://mfwa.org/wp-content/uploads/2018/07/Moniteur-de-la-Liberte-dExpression-dAfrique-de-lOuest-de-JanvierMars-2018-cover.jpg" />
	<meta property="og:image:width" content="3184" />
	<meta property="og:image:height" content="2532" />
	<meta property="og:image:type" content="image/jpeg" />
<meta name="twitter:card" content="summary_large_image" />
<meta name="twitter:site" content="@TheMFWA" />
<meta name="twitter:label1" content="Est. reading time" />
	<meta name="twitter:data1" content="1 minute" />
<script type="application/ld+json" class="yoast-schema-graph">{"@context":"https:\/\/schema.org","@graph":[{"@type":"WebPage","@id":"https:\/\/mfwa.org\/publication\/west-africa-free-expression-monitor-january-march-2018\/","url":"https:\/\/mfwa.org\/publication\/west-africa-free-expression-monitor-january-march-2018\/","name":"Moniteur de la Liberté d’Expression d’Afrique de l’Ouest de Janvier-Mars2018 - Media Foundation For West Africa","isPartOf":{"@id":"https:\/\/mfwa.org\/#website"},"primaryImageOfPage":{"@id":"https:\/\/mfwa.org\/publication\/west-africa-free-expression-monitor-january-march-2018\/#primaryimage"},"image":{"@id":"https:\/\/mfwa.org\/publication\/west-africa-free-expression-monitor-january-march-2018\/#primaryimage"},"thumbnailUrl":"https:\/\/mfwa.org\/wp-content\/uploads\/2018\/07\/Moniteur-de-la-Liberte-dExpression-dAfrique-de-lOuest-de-JanvierMars-2018-cover.jpg","datePublished":"2018-05-15T16:36:08+00:00","dateModified":"2018-07-19T12:36:58+00:00","breadcrumb":{"@id":"https:\/\/mfwa.org\/publication\/west-africa-free-expression-monitor-january-march-2018\/#breadcrumb"},"inLanguage":"fr-FR","potentialAction":[{"@type":"ReadAction","target":["https:\/\/mfwa.org\/publication\/west-africa-free-expression-monitor-january-march-2018\/"]}]},{"@type":"ImageObject","inLanguage":"fr-FR","@id":"https:\/\/mfwa.org\/publication\/west-africa-free-expression-monitor-january-march-2018\/#primaryimage","url":"https:\/\/mfwa.org\/wp-content\/uploads\/2018\/07\/Moniteur-de-la-Liberte-dExpression-dAfrique-de-lOuest-de-JanvierMars-2018-cover.jpg","contentUrl":"https:\/\/mfwa.org\/wp-content\/uploads\/2018\/07\/Moniteur-de-la-Liberte-dExpression-dAfrique-de-lOuest-de-JanvierMars-2018-cover.jpg","width":3184,"height":2532},{"@type":"BreadcrumbList","@id":"https:\/\/mfwa.org\/publication\/west-africa-free-expression-monitor-january-march-2018\/#breadcrumb","itemListElement":[{"@type":"ListItem","position":1,"name":"Home","item":"https:\/\/mfwa.org\/fr\/"},{"@type":"ListItem","position":2,"name":"Publications","item":"https:\/\/mfwa.org\/publication\/"},{"@type":"ListItem","position":3,"name":"Moniteur de la Liberté d’Expression d’Afrique de l’Ouest de Janvier-Mars2018"}]},{"@type":"WebSite","@id":"https:\/\/mfwa.org\/#website","url":"https:\/\/mfwa.org\/","name":"Media Foundation For West Africa","description":"Promoting Freedom of Expression and Democracy in West Africa","publisher":{"@id":"https:\/\/mfwa.org\/#organization"},"potentialAction":[{"@type":"SearchAction","target":{"@type":"EntryPoint","urlTemplate":"https:\/\/mfwa.org\/?s={search_term_string}"},"query-input":{"@type":"PropertyValueSpecification","valueRequired":true,"valueName":"search_term_string"}}],"inLanguage":"fr-FR"},{"@type":"Organization","@id":"https:\/\/mfwa.org\/#organization","name":"Media Foundation for West Africa","url":"https:\/\/mfwa.org\/","logo":{"@type":"ImageObject","inLanguage":"fr-FR","@id":"https:\/\/mfwa.org\/#\/schema\/logo\/image\/","url":"https:\/\/www.mfwa.org\/wp-content\/uploads\/2016\/06\/MFWA-LOGO.png","contentUrl":"https:\/\/www.mfwa.org\/wp-content\/uploads\/2016\/06\/MFWA-LOGO.png","width":180,"height":180,"caption":"Media Foundation for West Africa"},"image":{"@id":"https:\/\/mfwa.org\/#\/schema\/logo\/image\/"},"sameAs":["https:\/\/www.facebook.com\/themfwa","https:\/\/x.com\/TheMFWA","https:\/\/www.youtube.com\/channel\/UCF6HrPuXcV1K1Ed8AAq4Rdw"]}]}</script>
<!-- / Yoast SEO plugin. -->

Moniteur de la Liberté d’Expression d’Afrique de l’Ouest de Janvier-Mars2018 - Media Foundation For West Africa

Cinquante violations ont été enregistrées durant la période d’observation (Janvier-Mars 2018). Les forces de l’ordre ont été responsables
