{"id":10611,"date":"2017-06-10T00:17:13","date_gmt":"2017-06-10T00:17:13","guid":{"rendered":"http:\/\/www.mfwa.org\/?post_type=publication&#038;p=10611"},"modified":"2017-07-10T20:32:02","modified_gmt":"2017-07-10T20:32:02","slug":"moniteur-de-la-liberte-dexpression-janvier-mars-2017","status":"publish","type":"publication","link":"https:\/\/mfwa.org\/fr\/publication\/moniteur-de-la-liberte-dexpression-janvier-mars-2017\/","title":{"rendered":"Moniteur De La Libert\u00e9  d\u2019Expression  Janvier-Mars 2017"},"content":{"rendered":"<p style=\"text-align: justify;\">Les incidents de violations de la libert\u00e9 d\u2019expression en Afrique de l\u2019Ouest ont plus que tripl\u00e9 au cours du premier trimestre (Janvier-Mars) 2017.<\/p>\n<p style=\"text-align: justify;\">Au cours de cette p\u00e9riode de trois mois, un total de 47 violations ont \u00e9t\u00e9 enregistr\u00e9es contre 14 violations lors du dernier trimestre (Octobre &#8211; D\u00e9cembre) 2016. Les violations enregistr\u00e9es au cours du trimestre \u00e0 l\u2019analyse vont des arrestations et d\u00e9tentions aux attaques physiques, aux violations sur internet, la fermeture des maisons de presse, la censure, la saisie et la destruction de biens et des meurtres. Les 47 violations se sont produites dans 10 pays sur les 16 en Afrique de l\u2019Ouest.<\/p>\n<p style=\"text-align: justify;\"><a href=\"http:\/\/www.mfwa.org\/wp-content\/uploads\/2017\/07\/Freedom_Monitor_FR-fr-1.pdf\">Cliquez ici pour t\u00e9l\u00e9charger\u00a0\u00a0le Monitor Janvier-Mars 2017<\/a>.<\/p>\n","protected":false},"author":2,"featured_media":10612,"template":"","publication-type":[236],"class_list":["post-10611","publication","type-publication","status-publish","has-post-thumbnail","hentry","publication-type-reports-fr"],"yoast_head":"<!-- This site is optimized with the Yoast SEO plugin v27.5 - https:\/\/yoast.com\/product\/yoast-seo-wordpress\/ -->\n<title>Moniteur De La Libert\u00e9 d\u2019Expression Janvier-Mars 2017 - Media Foundation For West Africa<\/title>\n<meta name=\"robots\" content=\"index, follow, max-snippet:-1, max-image-preview:large, max-video-preview:-1\" \/>\n<link rel=\"canonical\" href=\"https:\/\/mfwa.org\/publication\/west-africa-freedom-of-expression-monitor\/\" \/>\n<meta property=\"og:locale\" content=\"fr_FR\" \/>\n<meta property=\"og:type\" content=\"article\" \/>\n<meta property=\"og:title\" content=\"Moniteur De La Libert\u00e9 d\u2019Expression Janvier-Mars 2017 - Media Foundation For West Africa\" \/>\n<meta property=\"og:description\" content=\"Les incidents de violations de la libert\u00e9 d\u2019expression en Afrique de l\u2019Ouest ont plus que tripl\u00e9 au cours\" \/>\n<meta property=\"og:url\" content=\"https:\/\/mfwa.org\/publication\/west-africa-freedom-of-expression-monitor\/\" \/>\n<meta property=\"og:site_name\" content=\"Media Foundation For West Africa\" \/>\n<meta property=\"article:publisher\" content=\"https:\/\/www.facebook.com\/themfwa\" \/>\n<meta property=\"article:modified_time\" content=\"2017-07-10T20:32:02+00:00\" \/>\n<meta property=\"og:image\" content=\"https:\/\/mfwa.org\/wp-content\/uploads\/2017\/07\/FreedomMonitorCover2_fr-1.jpg\" \/>\n\t<meta property=\"og:image:width\" content=\"2480\" \/>\n\t<meta property=\"og:image:height\" content=\"3508\" \/>\n\t<meta property=\"og:image:type\" content=\"image\/jpeg\" \/>\n<meta name=\"twitter:card\" content=\"summary_large_image\" \/>\n<meta name=\"twitter:site\" content=\"@TheMFWA\" \/>\n<meta name=\"twitter:label1\" content=\"Est. reading time\" \/>\n\t<meta name=\"twitter:data1\" content=\"1 minute\" \/>\n<script type=\"application\/ld+json\" class=\"yoast-schema-graph\">{\"@context\":\"https:\\\/\\\/schema.org\",\"@graph\":[{\"@type\":\"WebPage\",\"@id\":\"https:\\\/\\\/mfwa.org\\\/publication\\\/west-africa-freedom-of-expression-monitor\\\/\",\"url\":\"https:\\\/\\\/mfwa.org\\\/publication\\\/west-africa-freedom-of-expression-monitor\\\/\",\"name\":\"Moniteur De La Libert\u00e9 d\u2019Expression Janvier-Mars 2017 - Media Foundation For West Africa\",\"isPartOf\":{\"@id\":\"https:\\\/\\\/mfwa.org\\\/#website\"},\"primaryImageOfPage\":{\"@id\":\"https:\\\/\\\/mfwa.org\\\/publication\\\/west-africa-freedom-of-expression-monitor\\\/#primaryimage\"},\"image\":{\"@id\":\"https:\\\/\\\/mfwa.org\\\/publication\\\/west-africa-freedom-of-expression-monitor\\\/#primaryimage\"},\"thumbnailUrl\":\"https:\\\/\\\/mfwa.org\\\/wp-content\\\/uploads\\\/2017\\\/07\\\/FreedomMonitorCover2_fr-1.jpg\",\"datePublished\":\"2017-06-10T00:17:13+00:00\",\"dateModified\":\"2017-07-10T20:32:02+00:00\",\"breadcrumb\":{\"@id\":\"https:\\\/\\\/mfwa.org\\\/publication\\\/west-africa-freedom-of-expression-monitor\\\/#breadcrumb\"},\"inLanguage\":\"fr-FR\",\"potentialAction\":[{\"@type\":\"ReadAction\",\"target\":[\"https:\\\/\\\/mfwa.org\\\/publication\\\/west-africa-freedom-of-expression-monitor\\\/\"]}]},{\"@type\":\"ImageObject\",\"inLanguage\":\"fr-FR\",\"@id\":\"https:\\\/\\\/mfwa.org\\\/publication\\\/west-africa-freedom-of-expression-monitor\\\/#primaryimage\",\"url\":\"https:\\\/\\\/mfwa.org\\\/wp-content\\\/uploads\\\/2017\\\/07\\\/FreedomMonitorCover2_fr-1.jpg\",\"contentUrl\":\"https:\\\/\\\/mfwa.org\\\/wp-content\\\/uploads\\\/2017\\\/07\\\/FreedomMonitorCover2_fr-1.jpg\",\"width\":2480,\"height\":3508},{\"@type\":\"BreadcrumbList\",\"@id\":\"https:\\\/\\\/mfwa.org\\\/publication\\\/west-africa-freedom-of-expression-monitor\\\/#breadcrumb\",\"itemListElement\":[{\"@type\":\"ListItem\",\"position\":1,\"name\":\"Home\",\"item\":\"https:\\\/\\\/mfwa.org\\\/fr\\\/\"},{\"@type\":\"ListItem\",\"position\":2,\"name\":\"Publications\",\"item\":\"https:\\\/\\\/mfwa.org\\\/publication\\\/\"},{\"@type\":\"ListItem\",\"position\":3,\"name\":\"Moniteur De La Libert\u00e9 d\u2019Expression Janvier-Mars 2017\"}]},{\"@type\":\"WebSite\",\"@id\":\"https:\\\/\\\/mfwa.org\\\/#website\",\"url\":\"https:\\\/\\\/mfwa.org\\\/\",\"name\":\"Media Foundation For West Africa\",\"description\":\"Promoting Freedom of Expression and Democracy in West Africa\",\"publisher\":{\"@id\":\"https:\\\/\\\/mfwa.org\\\/#organization\"},\"potentialAction\":[{\"@type\":\"SearchAction\",\"target\":{\"@type\":\"EntryPoint\",\"urlTemplate\":\"https:\\\/\\\/mfwa.org\\\/?s={search_term_string}\"},\"query-input\":{\"@type\":\"PropertyValueSpecification\",\"valueRequired\":true,\"valueName\":\"search_term_string\"}}],\"inLanguage\":\"fr-FR\"},{\"@type\":\"Organization\",\"@id\":\"https:\\\/\\\/mfwa.org\\\/#organization\",\"name\":\"Media Foundation for West Africa\",\"url\":\"https:\\\/\\\/mfwa.org\\\/\",\"logo\":{\"@type\":\"ImageObject\",\"inLanguage\":\"fr-FR\",\"@id\":\"https:\\\/\\\/mfwa.org\\\/#\\\/schema\\\/logo\\\/image\\\/\",\"url\":\"https:\\\/\\\/www.mfwa.org\\\/wp-content\\\/uploads\\\/2016\\\/06\\\/MFWA-LOGO.png\",\"contentUrl\":\"https:\\\/\\\/www.mfwa.org\\\/wp-content\\\/uploads\\\/2016\\\/06\\\/MFWA-LOGO.png\",\"width\":180,\"height\":180,\"caption\":\"Media Foundation for West Africa\"},\"image\":{\"@id\":\"https:\\\/\\\/mfwa.org\\\/#\\\/schema\\\/logo\\\/image\\\/\"},\"sameAs\":[\"https:\\\/\\\/www.facebook.com\\\/themfwa\",\"https:\\\/\\\/x.com\\\/TheMFWA\",\"https:\\\/\\\/www.youtube.com\\\/channel\\\/UCF6HrPuXcV1K1Ed8AAq4Rdw\"]}]}<\/script>\n<!-- \/ Yoast SEO plugin. -->","yoast_head_json":{"title":"Moniteur De La Libert\u00e9 d\u2019Expression Janvier-Mars 2017 - Media Foundation For West Africa","robots":{"index":"index","follow":"follow","max-snippet":"max-snippet:-1","max-image-preview":"max-image-preview:large","max-video-preview":"max-video-preview:-1"},"canonical":"https:\/\/mfwa.org\/publication\/west-africa-freedom-of-expression-monitor\/","og_locale":"fr_FR","og_type":"article","og_title":"Moniteur De La Libert\u00e9 d\u2019Expression Janvier-Mars 2017 - Media Foundation For West Africa","og_description":"Les incidents de violations de la libert\u00e9 d\u2019expression en Afrique de l\u2019Ouest ont plus que tripl\u00e9 au cours","og_url":"https:\/\/mfwa.org\/publication\/west-africa-freedom-of-expression-monitor\/","og_site_name":"Media Foundation For West Africa","article_publisher":"https:\/\/www.facebook.com\/themfwa","article_modified_time":"2017-07-10T20:32:02+00:00","og_image":[{"width":2480,"height":3508,"url":"https:\/\/mfwa.org\/wp-content\/uploads\/2017\/07\/FreedomMonitorCover2_fr-1.jpg","type":"image\/jpeg"}],"twitter_card":"summary_large_image","twitter_site":"@TheMFWA","twitter_misc":{"Est. reading time":"1 minute"},"schema":{"@context":"https:\/\/schema.org","@graph":[{"@type":"WebPage","@id":"https:\/\/mfwa.org\/publication\/west-africa-freedom-of-expression-monitor\/","url":"https:\/\/mfwa.org\/publication\/west-africa-freedom-of-expression-monitor\/","name":"Moniteur De La Libert\u00e9 d\u2019Expression Janvier-Mars 2017 - Media Foundation For West Africa","isPartOf":{"@id":"https:\/\/mfwa.org\/#website"},"primaryImageOfPage":{"@id":"https:\/\/mfwa.org\/publication\/west-africa-freedom-of-expression-monitor\/#primaryimage"},"image":{"@id":"https:\/\/mfwa.org\/publication\/west-africa-freedom-of-expression-monitor\/#primaryimage"},"thumbnailUrl":"https:\/\/mfwa.org\/wp-content\/uploads\/2017\/07\/FreedomMonitorCover2_fr-1.jpg","datePublished":"2017-06-10T00:17:13+00:00","dateModified":"2017-07-10T20:32:02+00:00","breadcrumb":{"@id":"https:\/\/mfwa.org\/publication\/west-africa-freedom-of-expression-monitor\/#breadcrumb"},"inLanguage":"fr-FR","potentialAction":[{"@type":"ReadAction","target":["https:\/\/mfwa.org\/publication\/west-africa-freedom-of-expression-monitor\/"]}]},{"@type":"ImageObject","inLanguage":"fr-FR","@id":"https:\/\/mfwa.org\/publication\/west-africa-freedom-of-expression-monitor\/#primaryimage","url":"https:\/\/mfwa.org\/wp-content\/uploads\/2017\/07\/FreedomMonitorCover2_fr-1.jpg","contentUrl":"https:\/\/mfwa.org\/wp-content\/uploads\/2017\/07\/FreedomMonitorCover2_fr-1.jpg","width":2480,"height":3508},{"@type":"BreadcrumbList","@id":"https:\/\/mfwa.org\/publication\/west-africa-freedom-of-expression-monitor\/#breadcrumb","itemListElement":[{"@type":"ListItem","position":1,"name":"Home","item":"https:\/\/mfwa.org\/fr\/"},{"@type":"ListItem","position":2,"name":"Publications","item":"https:\/\/mfwa.org\/publication\/"},{"@type":"ListItem","position":3,"name":"Moniteur De La Libert\u00e9 d\u2019Expression Janvier-Mars 2017"}]},{"@type":"WebSite","@id":"https:\/\/mfwa.org\/#website","url":"https:\/\/mfwa.org\/","name":"Media Foundation For West Africa","description":"Promoting Freedom of Expression and Democracy in West Africa","publisher":{"@id":"https:\/\/mfwa.org\/#organization"},"potentialAction":[{"@type":"SearchAction","target":{"@type":"EntryPoint","urlTemplate":"https:\/\/mfwa.org\/?s={search_term_string}"},"query-input":{"@type":"PropertyValueSpecification","valueRequired":true,"valueName":"search_term_string"}}],"inLanguage":"fr-FR"},{"@type":"Organization","@id":"https:\/\/mfwa.org\/#organization","name":"Media Foundation for West Africa","url":"https:\/\/mfwa.org\/","logo":{"@type":"ImageObject","inLanguage":"fr-FR","@id":"https:\/\/mfwa.org\/#\/schema\/logo\/image\/","url":"https:\/\/www.mfwa.org\/wp-content\/uploads\/2016\/06\/MFWA-LOGO.png","contentUrl":"https:\/\/www.mfwa.org\/wp-content\/uploads\/2016\/06\/MFWA-LOGO.png","width":180,"height":180,"caption":"Media Foundation for West Africa"},"image":{"@id":"https:\/\/mfwa.org\/#\/schema\/logo\/image\/"},"sameAs":["https:\/\/www.facebook.com\/themfwa","https:\/\/x.com\/TheMFWA","https:\/\/www.youtube.com\/channel\/UCF6HrPuXcV1K1Ed8AAq4Rdw"]}]}},"_links":{"self":[{"href":"https:\/\/mfwa.org\/fr\/wp-json\/wp\/v2\/publication\/10611","targetHints":{"allow":["GET"]}}],"collection":[{"href":"https:\/\/mfwa.org\/fr\/wp-json\/wp\/v2\/publication"}],"about":[{"href":"https:\/\/mfwa.org\/fr\/wp-json\/wp\/v2\/types\/publication"}],"author":[{"embeddable":true,"href":"https:\/\/mfwa.org\/fr\/wp-json\/wp\/v2\/users\/2"}],"wp:featuredmedia":[{"embeddable":true,"href":"https:\/\/mfwa.org\/fr\/wp-json\/wp\/v2\/media\/10612"}],"wp:attachment":[{"href":"https:\/\/mfwa.org\/fr\/wp-json\/wp\/v2\/media?parent=10611"}],"wp:term":[{"taxonomy":"publication-type","embeddable":true,"href":"https:\/\/mfwa.org\/fr\/wp-json\/wp\/v2\/publication-type?post=10611"}],"curies":[{"name":"wp","href":"https:\/\/api.w.org\/{rel}","templated":true}]}}

Moniteur De La Liberté  d’Expression  Janvier-Mars 2017

<p style="text-align: justify;">Les incidents de violations de la liberté d’expression en Afrique de l’Ouest ont plus que triplé au cours du premier trimestre (Janvier-Mars) 2017.</p>
<p style="text-align: justify;">Au cours de cette période de trois mois, un total de 47 violations ont été enregistrées contre 14 violations lors du dernier trimestre (Octobre &#8211; Décembre) 2016. Les violations enregistrées au cours du trimestre à l’analyse vont des arrestations et détentions aux attaques physiques, aux violations sur internet, la fermeture des maisons de presse, la censure, la saisie et la destruction de biens et des meurtres. Les 47 violations se sont produites dans 10 pays sur les 16 en Afrique de l’Ouest.</p>
<p style="text-align: justify;"><a href="http://www.mfwa.org/wp-content/uploads/2017/07/Freedom_Monitor_FR-fr-1.pdf">Cliquez ici pour télécharger  le Monitor Janvier-Mars 2017</a>.</p>

<!-- This site is optimized with the Yoast SEO plugin v27.5 - https://yoast.com/product/yoast-seo-wordpress/ -->
<title>Moniteur De La Liberté d’Expression Janvier-Mars 2017 - Media Foundation For West Africa</title>
<meta name="robots" content="index, follow, max-snippet:-1, max-image-preview:large, max-video-preview:-1" />
<link rel="canonical" href="https://mfwa.org/publication/west-africa-freedom-of-expression-monitor/" />
<meta property="og:locale" content="fr_FR" />
<meta property="og:type" content="article" />
<meta property="og:title" content="Moniteur De La Liberté d’Expression Janvier-Mars 2017 - Media Foundation For West Africa" />
<meta property="og:description" content="Les incidents de violations de la liberté d’expression en Afrique de l’Ouest ont plus que triplé au cours" />
<meta property="og:url" content="https://mfwa.org/publication/west-africa-freedom-of-expression-monitor/" />
<meta property="og:site_name" content="Media Foundation For West Africa" />
<meta property="article:publisher" content="https://www.facebook.com/themfwa" />
<meta property="article:modified_time" content="2017-07-10T20:32:02+00:00" />
<meta property="og:image" content="https://mfwa.org/wp-content/uploads/2017/07/FreedomMonitorCover2_fr-1.jpg" />
	<meta property="og:image:width" content="2480" />
	<meta property="og:image:height" content="3508" />
	<meta property="og:image:type" content="image/jpeg" />
<meta name="twitter:card" content="summary_large_image" />
<meta name="twitter:site" content="@TheMFWA" />
<meta name="twitter:label1" content="Est. reading time" />
	<meta name="twitter:data1" content="1 minute" />
<script type="application/ld+json" class="yoast-schema-graph">{"@context":"https:\/\/schema.org","@graph":[{"@type":"WebPage","@id":"https:\/\/mfwa.org\/publication\/west-africa-freedom-of-expression-monitor\/","url":"https:\/\/mfwa.org\/publication\/west-africa-freedom-of-expression-monitor\/","name":"Moniteur De La Liberté d’Expression Janvier-Mars 2017 - Media Foundation For West Africa","isPartOf":{"@id":"https:\/\/mfwa.org\/#website"},"primaryImageOfPage":{"@id":"https:\/\/mfwa.org\/publication\/west-africa-freedom-of-expression-monitor\/#primaryimage"},"image":{"@id":"https:\/\/mfwa.org\/publication\/west-africa-freedom-of-expression-monitor\/#primaryimage"},"thumbnailUrl":"https:\/\/mfwa.org\/wp-content\/uploads\/2017\/07\/FreedomMonitorCover2_fr-1.jpg","datePublished":"2017-06-10T00:17:13+00:00","dateModified":"2017-07-10T20:32:02+00:00","breadcrumb":{"@id":"https:\/\/mfwa.org\/publication\/west-africa-freedom-of-expression-monitor\/#breadcrumb"},"inLanguage":"fr-FR","potentialAction":[{"@type":"ReadAction","target":["https:\/\/mfwa.org\/publication\/west-africa-freedom-of-expression-monitor\/"]}]},{"@type":"ImageObject","inLanguage":"fr-FR","@id":"https:\/\/mfwa.org\/publication\/west-africa-freedom-of-expression-monitor\/#primaryimage","url":"https:\/\/mfwa.org\/wp-content\/uploads\/2017\/07\/FreedomMonitorCover2_fr-1.jpg","contentUrl":"https:\/\/mfwa.org\/wp-content\/uploads\/2017\/07\/FreedomMonitorCover2_fr-1.jpg","width":2480,"height":3508},{"@type":"BreadcrumbList","@id":"https:\/\/mfwa.org\/publication\/west-africa-freedom-of-expression-monitor\/#breadcrumb","itemListElement":[{"@type":"ListItem","position":1,"name":"Home","item":"https:\/\/mfwa.org\/fr\/"},{"@type":"ListItem","position":2,"name":"Publications","item":"https:\/\/mfwa.org\/publication\/"},{"@type":"ListItem","position":3,"name":"Moniteur De La Liberté d’Expression Janvier-Mars 2017"}]},{"@type":"WebSite","@id":"https:\/\/mfwa.org\/#website","url":"https:\/\/mfwa.org\/","name":"Media Foundation For West Africa","description":"Promoting Freedom of Expression and Democracy in West Africa","publisher":{"@id":"https:\/\/mfwa.org\/#organization"},"potentialAction":[{"@type":"SearchAction","target":{"@type":"EntryPoint","urlTemplate":"https:\/\/mfwa.org\/?s={search_term_string}"},"query-input":{"@type":"PropertyValueSpecification","valueRequired":true,"valueName":"search_term_string"}}],"inLanguage":"fr-FR"},{"@type":"Organization","@id":"https:\/\/mfwa.org\/#organization","name":"Media Foundation for West Africa","url":"https:\/\/mfwa.org\/","logo":{"@type":"ImageObject","inLanguage":"fr-FR","@id":"https:\/\/mfwa.org\/#\/schema\/logo\/image\/","url":"https:\/\/www.mfwa.org\/wp-content\/uploads\/2016\/06\/MFWA-LOGO.png","contentUrl":"https:\/\/www.mfwa.org\/wp-content\/uploads\/2016\/06\/MFWA-LOGO.png","width":180,"height":180,"caption":"Media Foundation for West Africa"},"image":{"@id":"https:\/\/mfwa.org\/#\/schema\/logo\/image\/"},"sameAs":["https:\/\/www.facebook.com\/themfwa","https:\/\/x.com\/TheMFWA","https:\/\/www.youtube.com\/channel\/UCF6HrPuXcV1K1Ed8AAq4Rdw"]}]}</script>
<!-- / Yoast SEO plugin. -->

Moniteur De La Liberté d’Expression Janvier-Mars 2017 - Media Foundation For West Africa

Les incidents de violations de la liberté d’expression en Afrique de l’Ouest ont plus que triplé au cours

Moniteur De La Liberté d’Expression Janvier-Mars 2017
