{"id":4432,"date":"2012-05-21T10:30:47","date_gmt":"2012-05-21T10:30:47","guid":{"rendered":"http:\/\/www.mfwa.org\/?post_type=country-highlights&#038;p=4432"},"modified":"2015-12-26T10:31:56","modified_gmt":"2015-12-26T10:31:56","slug":"des-journalistes-cooptes-dans-les-commissions-permanentes-de-la-fif","status":"publish","type":"country-highlights","link":"https:\/\/mfwa.org\/fr\/country-highlights\/des-journalistes-cooptes-dans-les-commissions-permanentes-de-la-fif\/","title":{"rendered":"Des journalistes coopt\u00e9s dans les Commissions permanentes de la FIF"},"content":{"rendered":"<p style=\"text-align: justify;\">La F\u00e9d\u00e9ration Ivoirienne de Football (FIF) vient de nommer des journalistes de la presse sportive ivoirienne dans ses Commissions permanentes.<\/p>\n<p style=\"text-align: justify;\">Ainsi, M. Kon\u00e9 Lassin\u00e9 (Le Patriote) et Mlle Tour\u00e9 Katty\u00a0 5RTI) sont nomm\u00e9s membres de la Commission des M\u00e9dias. Les journalistes du quotidien \u00ab\u00a0Le Sport\u00a0\u00bb, MM. Antoine Mahan et Dou Nicaise int\u00e8grent respectivement la Commission de l\u2019Ethique et du Fair-play et la Commission du Football f\u00e9minin. M. Alain Gui du quotidien \u00ab\u00a0Aujourd\u2019hui\u00a0\u00bb fait partie de la Commission du Futsal et du Beach soccer.<\/p>\n","protected":false},"author":2,"featured_media":0,"comment_status":"closed","ping_status":"closed","template":"","categories":[256],"country":[241],"class_list":["post-4432","country-highlights","type-country-highlights","status-publish","hentry","category-media-development-fr","country-cote-divoire-fr"],"yoast_head":"<!-- This site is optimized with the Yoast SEO plugin v27.5 - https:\/\/yoast.com\/product\/yoast-seo-wordpress\/ -->\n<title>Des journalistes coopt\u00e9s dans les Commissions permanentes de la FIF - Media Foundation For West Africa<\/title>\n<meta name=\"robots\" content=\"index, follow, max-snippet:-1, max-image-preview:large, max-video-preview:-1\" \/>\n<link rel=\"canonical\" href=\"https:\/\/mfwa.org\/fr\/country-highlights\/des-journalistes-cooptes-dans-les-commissions-permanentes-de-la-fif\/\" \/>\n<meta property=\"og:locale\" content=\"fr_FR\" \/>\n<meta property=\"og:type\" content=\"article\" \/>\n<meta property=\"og:title\" content=\"Des journalistes coopt\u00e9s dans les Commissions permanentes de la FIF - Media Foundation For West Africa\" \/>\n<meta property=\"og:description\" content=\"La F\u00e9d\u00e9ration Ivoirienne de Football (FIF) vient de nommer des journalistes de la presse sportive ivoirienne dans ses\" \/>\n<meta property=\"og:url\" content=\"https:\/\/mfwa.org\/fr\/country-highlights\/des-journalistes-cooptes-dans-les-commissions-permanentes-de-la-fif\/\" \/>\n<meta property=\"og:site_name\" content=\"Media Foundation For West Africa\" \/>\n<meta property=\"article:publisher\" content=\"https:\/\/www.facebook.com\/themfwa\" \/>\n<meta property=\"article:modified_time\" content=\"2015-12-26T10:31:56+00:00\" \/>\n<meta name=\"twitter:card\" content=\"summary_large_image\" \/>\n<meta name=\"twitter:site\" content=\"@TheMFWA\" \/>\n<script type=\"application\/ld+json\" class=\"yoast-schema-graph\">{\"@context\":\"https:\\\/\\\/schema.org\",\"@graph\":[{\"@type\":\"WebPage\",\"@id\":\"https:\\\/\\\/mfwa.org\\\/fr\\\/country-highlights\\\/des-journalistes-cooptes-dans-les-commissions-permanentes-de-la-fif\\\/\",\"url\":\"https:\\\/\\\/mfwa.org\\\/fr\\\/country-highlights\\\/des-journalistes-cooptes-dans-les-commissions-permanentes-de-la-fif\\\/\",\"name\":\"Des journalistes coopt\u00e9s dans les Commissions permanentes de la FIF - Media Foundation For West Africa\",\"isPartOf\":{\"@id\":\"https:\\\/\\\/mfwa.org\\\/#website\"},\"datePublished\":\"2012-05-21T10:30:47+00:00\",\"dateModified\":\"2015-12-26T10:31:56+00:00\",\"breadcrumb\":{\"@id\":\"https:\\\/\\\/mfwa.org\\\/fr\\\/country-highlights\\\/des-journalistes-cooptes-dans-les-commissions-permanentes-de-la-fif\\\/#breadcrumb\"},\"inLanguage\":\"fr-FR\",\"potentialAction\":[{\"@type\":\"ReadAction\",\"target\":[\"https:\\\/\\\/mfwa.org\\\/fr\\\/country-highlights\\\/des-journalistes-cooptes-dans-les-commissions-permanentes-de-la-fif\\\/\"]}]},{\"@type\":\"BreadcrumbList\",\"@id\":\"https:\\\/\\\/mfwa.org\\\/fr\\\/country-highlights\\\/des-journalistes-cooptes-dans-les-commissions-permanentes-de-la-fif\\\/#breadcrumb\",\"itemListElement\":[{\"@type\":\"ListItem\",\"position\":1,\"name\":\"Home\",\"item\":\"https:\\\/\\\/mfwa.org\\\/fr\\\/\"},{\"@type\":\"ListItem\",\"position\":2,\"name\":\"Country Highlights\",\"item\":\"https:\\\/\\\/mfwa.org\\\/country-highlights\\\/\"},{\"@type\":\"ListItem\",\"position\":3,\"name\":\"Des journalistes coopt\u00e9s dans les Commissions permanentes de la FIF\"}]},{\"@type\":\"WebSite\",\"@id\":\"https:\\\/\\\/mfwa.org\\\/#website\",\"url\":\"https:\\\/\\\/mfwa.org\\\/\",\"name\":\"Media Foundation For West Africa\",\"description\":\"Promoting Freedom of Expression and Democracy in West Africa\",\"publisher\":{\"@id\":\"https:\\\/\\\/mfwa.org\\\/#organization\"},\"potentialAction\":[{\"@type\":\"SearchAction\",\"target\":{\"@type\":\"EntryPoint\",\"urlTemplate\":\"https:\\\/\\\/mfwa.org\\\/?s={search_term_string}\"},\"query-input\":{\"@type\":\"PropertyValueSpecification\",\"valueRequired\":true,\"valueName\":\"search_term_string\"}}],\"inLanguage\":\"fr-FR\"},{\"@type\":\"Organization\",\"@id\":\"https:\\\/\\\/mfwa.org\\\/#organization\",\"name\":\"Media Foundation for West Africa\",\"url\":\"https:\\\/\\\/mfwa.org\\\/\",\"logo\":{\"@type\":\"ImageObject\",\"inLanguage\":\"fr-FR\",\"@id\":\"https:\\\/\\\/mfwa.org\\\/#\\\/schema\\\/logo\\\/image\\\/\",\"url\":\"https:\\\/\\\/www.mfwa.org\\\/wp-content\\\/uploads\\\/2016\\\/06\\\/MFWA-LOGO.png\",\"contentUrl\":\"https:\\\/\\\/www.mfwa.org\\\/wp-content\\\/uploads\\\/2016\\\/06\\\/MFWA-LOGO.png\",\"width\":180,\"height\":180,\"caption\":\"Media Foundation for West Africa\"},\"image\":{\"@id\":\"https:\\\/\\\/mfwa.org\\\/#\\\/schema\\\/logo\\\/image\\\/\"},\"sameAs\":[\"https:\\\/\\\/www.facebook.com\\\/themfwa\",\"https:\\\/\\\/x.com\\\/TheMFWA\",\"https:\\\/\\\/www.youtube.com\\\/channel\\\/UCF6HrPuXcV1K1Ed8AAq4Rdw\"]}]}<\/script>\n<!-- \/ Yoast SEO plugin. -->","yoast_head_json":{"title":"Des journalistes coopt\u00e9s dans les Commissions permanentes de la FIF - Media Foundation For West Africa","robots":{"index":"index","follow":"follow","max-snippet":"max-snippet:-1","max-image-preview":"max-image-preview:large","max-video-preview":"max-video-preview:-1"},"canonical":"https:\/\/mfwa.org\/fr\/country-highlights\/des-journalistes-cooptes-dans-les-commissions-permanentes-de-la-fif\/","og_locale":"fr_FR","og_type":"article","og_title":"Des journalistes coopt\u00e9s dans les Commissions permanentes de la FIF - Media Foundation For West Africa","og_description":"La F\u00e9d\u00e9ration Ivoirienne de Football (FIF) vient de nommer des journalistes de la presse sportive ivoirienne dans ses","og_url":"https:\/\/mfwa.org\/fr\/country-highlights\/des-journalistes-cooptes-dans-les-commissions-permanentes-de-la-fif\/","og_site_name":"Media Foundation For West Africa","article_publisher":"https:\/\/www.facebook.com\/themfwa","article_modified_time":"2015-12-26T10:31:56+00:00","twitter_card":"summary_large_image","twitter_site":"@TheMFWA","schema":{"@context":"https:\/\/schema.org","@graph":[{"@type":"WebPage","@id":"https:\/\/mfwa.org\/fr\/country-highlights\/des-journalistes-cooptes-dans-les-commissions-permanentes-de-la-fif\/","url":"https:\/\/mfwa.org\/fr\/country-highlights\/des-journalistes-cooptes-dans-les-commissions-permanentes-de-la-fif\/","name":"Des journalistes coopt\u00e9s dans les Commissions permanentes de la FIF - Media Foundation For West Africa","isPartOf":{"@id":"https:\/\/mfwa.org\/#website"},"datePublished":"2012-05-21T10:30:47+00:00","dateModified":"2015-12-26T10:31:56+00:00","breadcrumb":{"@id":"https:\/\/mfwa.org\/fr\/country-highlights\/des-journalistes-cooptes-dans-les-commissions-permanentes-de-la-fif\/#breadcrumb"},"inLanguage":"fr-FR","potentialAction":[{"@type":"ReadAction","target":["https:\/\/mfwa.org\/fr\/country-highlights\/des-journalistes-cooptes-dans-les-commissions-permanentes-de-la-fif\/"]}]},{"@type":"BreadcrumbList","@id":"https:\/\/mfwa.org\/fr\/country-highlights\/des-journalistes-cooptes-dans-les-commissions-permanentes-de-la-fif\/#breadcrumb","itemListElement":[{"@type":"ListItem","position":1,"name":"Home","item":"https:\/\/mfwa.org\/fr\/"},{"@type":"ListItem","position":2,"name":"Country Highlights","item":"https:\/\/mfwa.org\/country-highlights\/"},{"@type":"ListItem","position":3,"name":"Des journalistes coopt\u00e9s dans les Commissions permanentes de la FIF"}]},{"@type":"WebSite","@id":"https:\/\/mfwa.org\/#website","url":"https:\/\/mfwa.org\/","name":"Media Foundation For West Africa","description":"Promoting Freedom of Expression and Democracy in West Africa","publisher":{"@id":"https:\/\/mfwa.org\/#organization"},"potentialAction":[{"@type":"SearchAction","target":{"@type":"EntryPoint","urlTemplate":"https:\/\/mfwa.org\/?s={search_term_string}"},"query-input":{"@type":"PropertyValueSpecification","valueRequired":true,"valueName":"search_term_string"}}],"inLanguage":"fr-FR"},{"@type":"Organization","@id":"https:\/\/mfwa.org\/#organization","name":"Media Foundation for West Africa","url":"https:\/\/mfwa.org\/","logo":{"@type":"ImageObject","inLanguage":"fr-FR","@id":"https:\/\/mfwa.org\/#\/schema\/logo\/image\/","url":"https:\/\/www.mfwa.org\/wp-content\/uploads\/2016\/06\/MFWA-LOGO.png","contentUrl":"https:\/\/www.mfwa.org\/wp-content\/uploads\/2016\/06\/MFWA-LOGO.png","width":180,"height":180,"caption":"Media Foundation for West Africa"},"image":{"@id":"https:\/\/mfwa.org\/#\/schema\/logo\/image\/"},"sameAs":["https:\/\/www.facebook.com\/themfwa","https:\/\/x.com\/TheMFWA","https:\/\/www.youtube.com\/channel\/UCF6HrPuXcV1K1Ed8AAq4Rdw"]}]}},"_links":{"self":[{"href":"https:\/\/mfwa.org\/fr\/wp-json\/wp\/v2\/country-highlights\/4432","targetHints":{"allow":["GET"]}}],"collection":[{"href":"https:\/\/mfwa.org\/fr\/wp-json\/wp\/v2\/country-highlights"}],"about":[{"href":"https:\/\/mfwa.org\/fr\/wp-json\/wp\/v2\/types\/country-highlights"}],"author":[{"embeddable":true,"href":"https:\/\/mfwa.org\/fr\/wp-json\/wp\/v2\/users\/2"}],"replies":[{"embeddable":true,"href":"https:\/\/mfwa.org\/fr\/wp-json\/wp\/v2\/comments?post=4432"}],"wp:attachment":[{"href":"https:\/\/mfwa.org\/fr\/wp-json\/wp\/v2\/media?parent=4432"}],"wp:term":[{"taxonomy":"category","embeddable":true,"href":"https:\/\/mfwa.org\/fr\/wp-json\/wp\/v2\/categories?post=4432"},{"taxonomy":"country","embeddable":true,"href":"https:\/\/mfwa.org\/fr\/wp-json\/wp\/v2\/country?post=4432"}],"curies":[{"name":"wp","href":"https:\/\/api.w.org\/{rel}","templated":true}]}}

Des journalistes cooptés dans les Commissions permanentes de la FIF

<p style="text-align: justify;">La Fédération Ivoirienne de Football (FIF) vient de nommer des journalistes de la presse sportive ivoirienne dans ses Commissions permanentes.</p>
<p style="text-align: justify;">Ainsi, M. Koné Lassiné (Le Patriote) et Mlle Touré Katty  5RTI) sont nommés membres de la Commission des Médias. Les journalistes du quotidien « Le Sport », MM. Antoine Mahan et Dou Nicaise intègrent respectivement la Commission de l’Ethique et du Fair-play et la Commission du Football féminin. M. Alain Gui du quotidien « Aujourd’hui » fait partie de la Commission du Futsal et du Beach soccer.</p>

<!-- This site is optimized with the Yoast SEO plugin v27.5 - https://yoast.com/product/yoast-seo-wordpress/ -->
<title>Des journalistes cooptés dans les Commissions permanentes de la FIF - Media Foundation For West Africa</title>
<meta name="robots" content="index, follow, max-snippet:-1, max-image-preview:large, max-video-preview:-1" />
<link rel="canonical" href="https://mfwa.org/fr/country-highlights/des-journalistes-cooptes-dans-les-commissions-permanentes-de-la-fif/" />
<meta property="og:locale" content="fr_FR" />
<meta property="og:type" content="article" />
<meta property="og:title" content="Des journalistes cooptés dans les Commissions permanentes de la FIF - Media Foundation For West Africa" />
<meta property="og:description" content="La Fédération Ivoirienne de Football (FIF) vient de nommer des journalistes de la presse sportive ivoirienne dans ses" />
<meta property="og:url" content="https://mfwa.org/fr/country-highlights/des-journalistes-cooptes-dans-les-commissions-permanentes-de-la-fif/" />
<meta property="og:site_name" content="Media Foundation For West Africa" />
<meta property="article:publisher" content="https://www.facebook.com/themfwa" />
<meta property="article:modified_time" content="2015-12-26T10:31:56+00:00" />
<meta name="twitter:card" content="summary_large_image" />
<meta name="twitter:site" content="@TheMFWA" />
<script type="application/ld+json" class="yoast-schema-graph">{"@context":"https:\/\/schema.org","@graph":[{"@type":"WebPage","@id":"https:\/\/mfwa.org\/fr\/country-highlights\/des-journalistes-cooptes-dans-les-commissions-permanentes-de-la-fif\/","url":"https:\/\/mfwa.org\/fr\/country-highlights\/des-journalistes-cooptes-dans-les-commissions-permanentes-de-la-fif\/","name":"Des journalistes cooptés dans les Commissions permanentes de la FIF - Media Foundation For West Africa","isPartOf":{"@id":"https:\/\/mfwa.org\/#website"},"datePublished":"2012-05-21T10:30:47+00:00","dateModified":"2015-12-26T10:31:56+00:00","breadcrumb":{"@id":"https:\/\/mfwa.org\/fr\/country-highlights\/des-journalistes-cooptes-dans-les-commissions-permanentes-de-la-fif\/#breadcrumb"},"inLanguage":"fr-FR","potentialAction":[{"@type":"ReadAction","target":["https:\/\/mfwa.org\/fr\/country-highlights\/des-journalistes-cooptes-dans-les-commissions-permanentes-de-la-fif\/"]}]},{"@type":"BreadcrumbList","@id":"https:\/\/mfwa.org\/fr\/country-highlights\/des-journalistes-cooptes-dans-les-commissions-permanentes-de-la-fif\/#breadcrumb","itemListElement":[{"@type":"ListItem","position":1,"name":"Home","item":"https:\/\/mfwa.org\/fr\/"},{"@type":"ListItem","position":2,"name":"Country Highlights","item":"https:\/\/mfwa.org\/country-highlights\/"},{"@type":"ListItem","position":3,"name":"Des journalistes cooptés dans les Commissions permanentes de la FIF"}]},{"@type":"WebSite","@id":"https:\/\/mfwa.org\/#website","url":"https:\/\/mfwa.org\/","name":"Media Foundation For West Africa","description":"Promoting Freedom of Expression and Democracy in West Africa","publisher":{"@id":"https:\/\/mfwa.org\/#organization"},"potentialAction":[{"@type":"SearchAction","target":{"@type":"EntryPoint","urlTemplate":"https:\/\/mfwa.org\/?s={search_term_string}"},"query-input":{"@type":"PropertyValueSpecification","valueRequired":true,"valueName":"search_term_string"}}],"inLanguage":"fr-FR"},{"@type":"Organization","@id":"https:\/\/mfwa.org\/#organization","name":"Media Foundation for West Africa","url":"https:\/\/mfwa.org\/","logo":{"@type":"ImageObject","inLanguage":"fr-FR","@id":"https:\/\/mfwa.org\/#\/schema\/logo\/image\/","url":"https:\/\/www.mfwa.org\/wp-content\/uploads\/2016\/06\/MFWA-LOGO.png","contentUrl":"https:\/\/www.mfwa.org\/wp-content\/uploads\/2016\/06\/MFWA-LOGO.png","width":180,"height":180,"caption":"Media Foundation for West Africa"},"image":{"@id":"https:\/\/mfwa.org\/#\/schema\/logo\/image\/"},"sameAs":["https:\/\/www.facebook.com\/themfwa","https:\/\/x.com\/TheMFWA","https:\/\/www.youtube.com\/channel\/UCF6HrPuXcV1K1Ed8AAq4Rdw"]}]}</script>
<!-- / Yoast SEO plugin. -->

Des journalistes cooptés dans les Commissions permanentes de la FIF - Media Foundation For West Africa

La Fédération Ivoirienne de Football (FIF) vient de nommer des journalistes de la presse sportive ivoirienne dans ses
