{"id":4139,"date":"2015-08-21T11:04:19","date_gmt":"2015-08-21T11:04:19","guid":{"rendered":"http:\/\/mfwa.africafex.org\/?post_type=country-highlights&#038;p=4139"},"modified":"2015-12-01T09:55:11","modified_gmt":"2015-12-01T09:55:11","slug":"la-mfwa-eprouve-la-commiseration-pour-les-victimes-daccidents-de-corps-de-presse-presidentiel","status":"publish","type":"country-highlights","link":"https:\/\/mfwa.org\/fr\/country-highlights\/la-mfwa-eprouve-la-commiseration-pour-les-victimes-daccidents-de-corps-de-presse-presidentiel\/","title":{"rendered":"La MFWA \u00e9prouve la commis\u00e9ration pour les victimes d&#8217;accidents de corps de presse pr\u00e9sidentiel"},"content":{"rendered":"<p style=\"text-align: justify;\">La Fondation pour les \u00a0M\u00e9dias de l&#8217;Afrique de l&#8217;Ouest (MFWA) est attrist\u00e9 par la mort de Samuel Nuamah correspondant du quotidien Ghanaian Times, dans le tragique accident survenu au Corps de presse pr\u00e9sidentiel lors de son retour d&#8217;une mission officielle dans la r\u00e9gion de la Volta le 20 ao\u00fbt 20,2015.<\/p>\n<p style=\"text-align: justify;\">Samuel Nuamah \u00e9tait l&#8217;un des meilleurs professionnels du journalisme ghan\u00e9en. Sa mort pr\u00e9matur\u00e9e est donc une perte irr\u00e9parable.<\/p>\n<p style=\"text-align: justify;\">La Fondation est \u00e9galement afflig\u00e9e par les blessures subies par les autres journalistes impliqu\u00e9s.<br \/>\nNos plus sinc\u00e8res condol\u00e9ances vont \u00e0 \u00a0l\u2019endroit de la famille endeuill\u00e9e, \u00e0 la New Times Corporation et \u00e0 la fraternit\u00e9 de m\u00e9dias ghan\u00e9ens dans son ensemble. Nos pri\u00e8res vont \u00e9galement aux victimes survivantes et nous leur souhaitons un prompt r\u00e9tablissement<\/p>\n","protected":false},"author":2,"featured_media":2317,"comment_status":"closed","ping_status":"closed","template":"","categories":[],"country":[243],"class_list":["post-4139","country-highlights","type-country-highlights","status-publish","has-post-thumbnail","hentry","country-ghana-fr"],"yoast_head":"<!-- This site is optimized with the Yoast SEO plugin v27.5 - https:\/\/yoast.com\/product\/yoast-seo-wordpress\/ -->\n<title>La MFWA \u00e9prouve la commis\u00e9ration pour les victimes d&#039;accidents de corps de presse pr\u00e9sidentiel - Media Foundation For West Africa<\/title>\n<meta name=\"robots\" content=\"index, follow, max-snippet:-1, max-image-preview:large, max-video-preview:-1\" \/>\n<link rel=\"canonical\" href=\"https:\/\/mfwa.org\/country-highlights\/mfwa-commiserates-with-presidential-press-corps-accident-victims\/\" \/>\n<meta property=\"og:locale\" content=\"fr_FR\" \/>\n<meta property=\"og:type\" content=\"article\" \/>\n<meta property=\"og:title\" content=\"La MFWA \u00e9prouve la commis\u00e9ration pour les victimes d&#039;accidents de corps de presse pr\u00e9sidentiel - Media Foundation For West Africa\" \/>\n<meta property=\"og:description\" content=\"La Fondation pour les \u00a0M\u00e9dias de l&#8217;Afrique de l&#8217;Ouest (MFWA) est attrist\u00e9 par la mort de Samuel Nuamah\" \/>\n<meta property=\"og:url\" content=\"https:\/\/mfwa.org\/country-highlights\/mfwa-commiserates-with-presidential-press-corps-accident-victims\/\" \/>\n<meta property=\"og:site_name\" content=\"Media Foundation For West Africa\" \/>\n<meta property=\"article:publisher\" content=\"https:\/\/www.facebook.com\/themfwa\" \/>\n<meta property=\"article:modified_time\" content=\"2015-12-01T09:55:11+00:00\" \/>\n<meta property=\"og:image\" content=\"https:\/\/mfwa.org\/wp-content\/uploads\/2015\/11\/nuamah-s.jpg\" \/>\n\t<meta property=\"og:image:width\" content=\"650\" \/>\n\t<meta property=\"og:image:height\" content=\"450\" \/>\n\t<meta property=\"og:image:type\" content=\"image\/jpeg\" \/>\n<meta name=\"twitter:card\" content=\"summary_large_image\" \/>\n<meta name=\"twitter:site\" content=\"@TheMFWA\" \/>\n<meta name=\"twitter:label1\" content=\"Est. reading time\" \/>\n\t<meta name=\"twitter:data1\" content=\"1 minute\" \/>\n<script type=\"application\/ld+json\" class=\"yoast-schema-graph\">{\"@context\":\"https:\\\/\\\/schema.org\",\"@graph\":[{\"@type\":\"WebPage\",\"@id\":\"https:\\\/\\\/mfwa.org\\\/country-highlights\\\/mfwa-commiserates-with-presidential-press-corps-accident-victims\\\/\",\"url\":\"https:\\\/\\\/mfwa.org\\\/country-highlights\\\/mfwa-commiserates-with-presidential-press-corps-accident-victims\\\/\",\"name\":\"La MFWA \u00e9prouve la commis\u00e9ration pour les victimes d'accidents de corps de presse pr\u00e9sidentiel - Media Foundation For West Africa\",\"isPartOf\":{\"@id\":\"https:\\\/\\\/mfwa.org\\\/#website\"},\"primaryImageOfPage\":{\"@id\":\"https:\\\/\\\/mfwa.org\\\/country-highlights\\\/mfwa-commiserates-with-presidential-press-corps-accident-victims\\\/#primaryimage\"},\"image\":{\"@id\":\"https:\\\/\\\/mfwa.org\\\/country-highlights\\\/mfwa-commiserates-with-presidential-press-corps-accident-victims\\\/#primaryimage\"},\"thumbnailUrl\":\"https:\\\/\\\/mfwa.org\\\/wp-content\\\/uploads\\\/2015\\\/11\\\/nuamah-s.jpg\",\"datePublished\":\"2015-08-21T11:04:19+00:00\",\"dateModified\":\"2015-12-01T09:55:11+00:00\",\"breadcrumb\":{\"@id\":\"https:\\\/\\\/mfwa.org\\\/country-highlights\\\/mfwa-commiserates-with-presidential-press-corps-accident-victims\\\/#breadcrumb\"},\"inLanguage\":\"fr-FR\",\"potentialAction\":[{\"@type\":\"ReadAction\",\"target\":[\"https:\\\/\\\/mfwa.org\\\/country-highlights\\\/mfwa-commiserates-with-presidential-press-corps-accident-victims\\\/\"]}]},{\"@type\":\"ImageObject\",\"inLanguage\":\"fr-FR\",\"@id\":\"https:\\\/\\\/mfwa.org\\\/country-highlights\\\/mfwa-commiserates-with-presidential-press-corps-accident-victims\\\/#primaryimage\",\"url\":\"https:\\\/\\\/mfwa.org\\\/wp-content\\\/uploads\\\/2015\\\/11\\\/nuamah-s.jpg\",\"contentUrl\":\"https:\\\/\\\/mfwa.org\\\/wp-content\\\/uploads\\\/2015\\\/11\\\/nuamah-s.jpg\",\"width\":650,\"height\":450},{\"@type\":\"BreadcrumbList\",\"@id\":\"https:\\\/\\\/mfwa.org\\\/country-highlights\\\/mfwa-commiserates-with-presidential-press-corps-accident-victims\\\/#breadcrumb\",\"itemListElement\":[{\"@type\":\"ListItem\",\"position\":1,\"name\":\"Home\",\"item\":\"https:\\\/\\\/mfwa.org\\\/fr\\\/\"},{\"@type\":\"ListItem\",\"position\":2,\"name\":\"Country Highlights\",\"item\":\"https:\\\/\\\/mfwa.org\\\/country-highlights\\\/\"},{\"@type\":\"ListItem\",\"position\":3,\"name\":\"La MFWA \u00e9prouve la commis\u00e9ration pour les victimes d&#8217;accidents de corps de presse pr\u00e9sidentiel\"}]},{\"@type\":\"WebSite\",\"@id\":\"https:\\\/\\\/mfwa.org\\\/#website\",\"url\":\"https:\\\/\\\/mfwa.org\\\/\",\"name\":\"Media Foundation For West Africa\",\"description\":\"Promoting Freedom of Expression and Democracy in West Africa\",\"publisher\":{\"@id\":\"https:\\\/\\\/mfwa.org\\\/#organization\"},\"potentialAction\":[{\"@type\":\"SearchAction\",\"target\":{\"@type\":\"EntryPoint\",\"urlTemplate\":\"https:\\\/\\\/mfwa.org\\\/?s={search_term_string}\"},\"query-input\":{\"@type\":\"PropertyValueSpecification\",\"valueRequired\":true,\"valueName\":\"search_term_string\"}}],\"inLanguage\":\"fr-FR\"},{\"@type\":\"Organization\",\"@id\":\"https:\\\/\\\/mfwa.org\\\/#organization\",\"name\":\"Media Foundation for West Africa\",\"url\":\"https:\\\/\\\/mfwa.org\\\/\",\"logo\":{\"@type\":\"ImageObject\",\"inLanguage\":\"fr-FR\",\"@id\":\"https:\\\/\\\/mfwa.org\\\/#\\\/schema\\\/logo\\\/image\\\/\",\"url\":\"https:\\\/\\\/www.mfwa.org\\\/wp-content\\\/uploads\\\/2016\\\/06\\\/MFWA-LOGO.png\",\"contentUrl\":\"https:\\\/\\\/www.mfwa.org\\\/wp-content\\\/uploads\\\/2016\\\/06\\\/MFWA-LOGO.png\",\"width\":180,\"height\":180,\"caption\":\"Media Foundation for West Africa\"},\"image\":{\"@id\":\"https:\\\/\\\/mfwa.org\\\/#\\\/schema\\\/logo\\\/image\\\/\"},\"sameAs\":[\"https:\\\/\\\/www.facebook.com\\\/themfwa\",\"https:\\\/\\\/x.com\\\/TheMFWA\",\"https:\\\/\\\/www.youtube.com\\\/channel\\\/UCF6HrPuXcV1K1Ed8AAq4Rdw\"]}]}<\/script>\n<!-- \/ Yoast SEO plugin. -->","yoast_head_json":{"title":"La MFWA \u00e9prouve la commis\u00e9ration pour les victimes d'accidents de corps de presse pr\u00e9sidentiel - Media Foundation For West Africa","robots":{"index":"index","follow":"follow","max-snippet":"max-snippet:-1","max-image-preview":"max-image-preview:large","max-video-preview":"max-video-preview:-1"},"canonical":"https:\/\/mfwa.org\/country-highlights\/mfwa-commiserates-with-presidential-press-corps-accident-victims\/","og_locale":"fr_FR","og_type":"article","og_title":"La MFWA \u00e9prouve la commis\u00e9ration pour les victimes d'accidents de corps de presse pr\u00e9sidentiel - Media Foundation For West Africa","og_description":"La Fondation pour les \u00a0M\u00e9dias de l&#8217;Afrique de l&#8217;Ouest (MFWA) est attrist\u00e9 par la mort de Samuel Nuamah","og_url":"https:\/\/mfwa.org\/country-highlights\/mfwa-commiserates-with-presidential-press-corps-accident-victims\/","og_site_name":"Media Foundation For West Africa","article_publisher":"https:\/\/www.facebook.com\/themfwa","article_modified_time":"2015-12-01T09:55:11+00:00","og_image":[{"width":650,"height":450,"url":"https:\/\/mfwa.org\/wp-content\/uploads\/2015\/11\/nuamah-s.jpg","type":"image\/jpeg"}],"twitter_card":"summary_large_image","twitter_site":"@TheMFWA","twitter_misc":{"Est. reading time":"1 minute"},"schema":{"@context":"https:\/\/schema.org","@graph":[{"@type":"WebPage","@id":"https:\/\/mfwa.org\/country-highlights\/mfwa-commiserates-with-presidential-press-corps-accident-victims\/","url":"https:\/\/mfwa.org\/country-highlights\/mfwa-commiserates-with-presidential-press-corps-accident-victims\/","name":"La MFWA \u00e9prouve la commis\u00e9ration pour les victimes d'accidents de corps de presse pr\u00e9sidentiel - Media Foundation For West Africa","isPartOf":{"@id":"https:\/\/mfwa.org\/#website"},"primaryImageOfPage":{"@id":"https:\/\/mfwa.org\/country-highlights\/mfwa-commiserates-with-presidential-press-corps-accident-victims\/#primaryimage"},"image":{"@id":"https:\/\/mfwa.org\/country-highlights\/mfwa-commiserates-with-presidential-press-corps-accident-victims\/#primaryimage"},"thumbnailUrl":"https:\/\/mfwa.org\/wp-content\/uploads\/2015\/11\/nuamah-s.jpg","datePublished":"2015-08-21T11:04:19+00:00","dateModified":"2015-12-01T09:55:11+00:00","breadcrumb":{"@id":"https:\/\/mfwa.org\/country-highlights\/mfwa-commiserates-with-presidential-press-corps-accident-victims\/#breadcrumb"},"inLanguage":"fr-FR","potentialAction":[{"@type":"ReadAction","target":["https:\/\/mfwa.org\/country-highlights\/mfwa-commiserates-with-presidential-press-corps-accident-victims\/"]}]},{"@type":"ImageObject","inLanguage":"fr-FR","@id":"https:\/\/mfwa.org\/country-highlights\/mfwa-commiserates-with-presidential-press-corps-accident-victims\/#primaryimage","url":"https:\/\/mfwa.org\/wp-content\/uploads\/2015\/11\/nuamah-s.jpg","contentUrl":"https:\/\/mfwa.org\/wp-content\/uploads\/2015\/11\/nuamah-s.jpg","width":650,"height":450},{"@type":"BreadcrumbList","@id":"https:\/\/mfwa.org\/country-highlights\/mfwa-commiserates-with-presidential-press-corps-accident-victims\/#breadcrumb","itemListElement":[{"@type":"ListItem","position":1,"name":"Home","item":"https:\/\/mfwa.org\/fr\/"},{"@type":"ListItem","position":2,"name":"Country Highlights","item":"https:\/\/mfwa.org\/country-highlights\/"},{"@type":"ListItem","position":3,"name":"La MFWA \u00e9prouve la commis\u00e9ration pour les victimes d&#8217;accidents de corps de presse pr\u00e9sidentiel"}]},{"@type":"WebSite","@id":"https:\/\/mfwa.org\/#website","url":"https:\/\/mfwa.org\/","name":"Media Foundation For West Africa","description":"Promoting Freedom of Expression and Democracy in West Africa","publisher":{"@id":"https:\/\/mfwa.org\/#organization"},"potentialAction":[{"@type":"SearchAction","target":{"@type":"EntryPoint","urlTemplate":"https:\/\/mfwa.org\/?s={search_term_string}"},"query-input":{"@type":"PropertyValueSpecification","valueRequired":true,"valueName":"search_term_string"}}],"inLanguage":"fr-FR"},{"@type":"Organization","@id":"https:\/\/mfwa.org\/#organization","name":"Media Foundation for West Africa","url":"https:\/\/mfwa.org\/","logo":{"@type":"ImageObject","inLanguage":"fr-FR","@id":"https:\/\/mfwa.org\/#\/schema\/logo\/image\/","url":"https:\/\/www.mfwa.org\/wp-content\/uploads\/2016\/06\/MFWA-LOGO.png","contentUrl":"https:\/\/www.mfwa.org\/wp-content\/uploads\/2016\/06\/MFWA-LOGO.png","width":180,"height":180,"caption":"Media Foundation for West Africa"},"image":{"@id":"https:\/\/mfwa.org\/#\/schema\/logo\/image\/"},"sameAs":["https:\/\/www.facebook.com\/themfwa","https:\/\/x.com\/TheMFWA","https:\/\/www.youtube.com\/channel\/UCF6HrPuXcV1K1Ed8AAq4Rdw"]}]}},"_links":{"self":[{"href":"https:\/\/mfwa.org\/fr\/wp-json\/wp\/v2\/country-highlights\/4139","targetHints":{"allow":["GET"]}}],"collection":[{"href":"https:\/\/mfwa.org\/fr\/wp-json\/wp\/v2\/country-highlights"}],"about":[{"href":"https:\/\/mfwa.org\/fr\/wp-json\/wp\/v2\/types\/country-highlights"}],"author":[{"embeddable":true,"href":"https:\/\/mfwa.org\/fr\/wp-json\/wp\/v2\/users\/2"}],"replies":[{"embeddable":true,"href":"https:\/\/mfwa.org\/fr\/wp-json\/wp\/v2\/comments?post=4139"}],"wp:featuredmedia":[{"embeddable":true,"href":"https:\/\/mfwa.org\/fr\/wp-json\/wp\/v2\/media\/2317"}],"wp:attachment":[{"href":"https:\/\/mfwa.org\/fr\/wp-json\/wp\/v2\/media?parent=4139"}],"wp:term":[{"taxonomy":"category","embeddable":true,"href":"https:\/\/mfwa.org\/fr\/wp-json\/wp\/v2\/categories?post=4139"},{"taxonomy":"country","embeddable":true,"href":"https:\/\/mfwa.org\/fr\/wp-json\/wp\/v2\/country?post=4139"}],"curies":[{"name":"wp","href":"https:\/\/api.w.org\/{rel}","templated":true}]}}

La MFWA éprouve la commisération pour les victimes d&#8217;accidents de corps de presse présidentiel

<p style="text-align: justify;">La Fondation pour les  Médias de l&#8217;Afrique de l&#8217;Ouest (MFWA) est attristé par la mort de Samuel Nuamah correspondant du quotidien Ghanaian Times, dans le tragique accident survenu au Corps de presse présidentiel lors de son retour d&#8217;une mission officielle dans la région de la Volta le 20 août 20,2015.</p>
<p style="text-align: justify;">Samuel Nuamah était l&#8217;un des meilleurs professionnels du journalisme ghanéen. Sa mort prématurée est donc une perte irréparable.</p>
<p style="text-align: justify;">La Fondation est également affligée par les blessures subies par les autres journalistes impliqués.<br />
Nos plus sincères condoléances vont à  l’endroit de la famille endeuillée, à la New Times Corporation et à la fraternité de médias ghanéens dans son ensemble. Nos prières vont également aux victimes survivantes et nous leur souhaitons un prompt rétablissement</p>

<!-- This site is optimized with the Yoast SEO plugin v27.5 - https://yoast.com/product/yoast-seo-wordpress/ -->
<title>La MFWA éprouve la commisération pour les victimes d&#039;accidents de corps de presse présidentiel - Media Foundation For West Africa</title>
<meta name="robots" content="index, follow, max-snippet:-1, max-image-preview:large, max-video-preview:-1" />
<link rel="canonical" href="https://mfwa.org/country-highlights/mfwa-commiserates-with-presidential-press-corps-accident-victims/" />
<meta property="og:locale" content="fr_FR" />
<meta property="og:type" content="article" />
<meta property="og:title" content="La MFWA éprouve la commisération pour les victimes d&#039;accidents de corps de presse présidentiel - Media Foundation For West Africa" />
<meta property="og:description" content="La Fondation pour les  Médias de l&#8217;Afrique de l&#8217;Ouest (MFWA) est attristé par la mort de Samuel Nuamah" />
<meta property="og:url" content="https://mfwa.org/country-highlights/mfwa-commiserates-with-presidential-press-corps-accident-victims/" />
<meta property="og:site_name" content="Media Foundation For West Africa" />
<meta property="article:publisher" content="https://www.facebook.com/themfwa" />
<meta property="article:modified_time" content="2015-12-01T09:55:11+00:00" />
<meta property="og:image" content="https://mfwa.org/wp-content/uploads/2015/11/nuamah-s.jpg" />
	<meta property="og:image:width" content="650" />
	<meta property="og:image:height" content="450" />
	<meta property="og:image:type" content="image/jpeg" />
<meta name="twitter:card" content="summary_large_image" />
<meta name="twitter:site" content="@TheMFWA" />
<meta name="twitter:label1" content="Est. reading time" />
	<meta name="twitter:data1" content="1 minute" />
<script type="application/ld+json" class="yoast-schema-graph">{"@context":"https:\/\/schema.org","@graph":[{"@type":"WebPage","@id":"https:\/\/mfwa.org\/country-highlights\/mfwa-commiserates-with-presidential-press-corps-accident-victims\/","url":"https:\/\/mfwa.org\/country-highlights\/mfwa-commiserates-with-presidential-press-corps-accident-victims\/","name":"La MFWA éprouve la commisération pour les victimes d'accidents de corps de presse présidentiel - Media Foundation For West Africa","isPartOf":{"@id":"https:\/\/mfwa.org\/#website"},"primaryImageOfPage":{"@id":"https:\/\/mfwa.org\/country-highlights\/mfwa-commiserates-with-presidential-press-corps-accident-victims\/#primaryimage"},"image":{"@id":"https:\/\/mfwa.org\/country-highlights\/mfwa-commiserates-with-presidential-press-corps-accident-victims\/#primaryimage"},"thumbnailUrl":"https:\/\/mfwa.org\/wp-content\/uploads\/2015\/11\/nuamah-s.jpg","datePublished":"2015-08-21T11:04:19+00:00","dateModified":"2015-12-01T09:55:11+00:00","breadcrumb":{"@id":"https:\/\/mfwa.org\/country-highlights\/mfwa-commiserates-with-presidential-press-corps-accident-victims\/#breadcrumb"},"inLanguage":"fr-FR","potentialAction":[{"@type":"ReadAction","target":["https:\/\/mfwa.org\/country-highlights\/mfwa-commiserates-with-presidential-press-corps-accident-victims\/"]}]},{"@type":"ImageObject","inLanguage":"fr-FR","@id":"https:\/\/mfwa.org\/country-highlights\/mfwa-commiserates-with-presidential-press-corps-accident-victims\/#primaryimage","url":"https:\/\/mfwa.org\/wp-content\/uploads\/2015\/11\/nuamah-s.jpg","contentUrl":"https:\/\/mfwa.org\/wp-content\/uploads\/2015\/11\/nuamah-s.jpg","width":650,"height":450},{"@type":"BreadcrumbList","@id":"https:\/\/mfwa.org\/country-highlights\/mfwa-commiserates-with-presidential-press-corps-accident-victims\/#breadcrumb","itemListElement":[{"@type":"ListItem","position":1,"name":"Home","item":"https:\/\/mfwa.org\/fr\/"},{"@type":"ListItem","position":2,"name":"Country Highlights","item":"https:\/\/mfwa.org\/country-highlights\/"},{"@type":"ListItem","position":3,"name":"La MFWA éprouve la commisération pour les victimes d&#8217;accidents de corps de presse présidentiel"}]},{"@type":"WebSite","@id":"https:\/\/mfwa.org\/#website","url":"https:\/\/mfwa.org\/","name":"Media Foundation For West Africa","description":"Promoting Freedom of Expression and Democracy in West Africa","publisher":{"@id":"https:\/\/mfwa.org\/#organization"},"potentialAction":[{"@type":"SearchAction","target":{"@type":"EntryPoint","urlTemplate":"https:\/\/mfwa.org\/?s={search_term_string}"},"query-input":{"@type":"PropertyValueSpecification","valueRequired":true,"valueName":"search_term_string"}}],"inLanguage":"fr-FR"},{"@type":"Organization","@id":"https:\/\/mfwa.org\/#organization","name":"Media Foundation for West Africa","url":"https:\/\/mfwa.org\/","logo":{"@type":"ImageObject","inLanguage":"fr-FR","@id":"https:\/\/mfwa.org\/#\/schema\/logo\/image\/","url":"https:\/\/www.mfwa.org\/wp-content\/uploads\/2016\/06\/MFWA-LOGO.png","contentUrl":"https:\/\/www.mfwa.org\/wp-content\/uploads\/2016\/06\/MFWA-LOGO.png","width":180,"height":180,"caption":"Media Foundation for West Africa"},"image":{"@id":"https:\/\/mfwa.org\/#\/schema\/logo\/image\/"},"sameAs":["https:\/\/www.facebook.com\/themfwa","https:\/\/x.com\/TheMFWA","https:\/\/www.youtube.com\/channel\/UCF6HrPuXcV1K1Ed8AAq4Rdw"]}]}</script>
<!-- / Yoast SEO plugin. -->

La MFWA éprouve la commisération pour les victimes d'accidents de corps de presse présidentiel - Media Foundation For West Africa

La Fondation pour les  Médias de l&#8217;Afrique de l&#8217;Ouest (MFWA) est attristé par la mort de Samuel Nuamah
